{"id":533,"date":"2020-04-10T16:52:44","date_gmt":"2020-04-10T14:52:44","guid":{"rendered":"https:\/\/maisonecodistribution.fr\/?post_type=product&#038;p=533"},"modified":"2024-06-21T17:29:42","modified_gmt":"2024-06-21T15:29:42","slug":"eco-coll","status":"publish","type":"product","link":"https:\/\/maisonecodistribution.com\/eboutique\/produit\/eco-coll\/","title":{"rendered":"ECO COLL"},"content":{"rendered":"<p>ECOCOLL est une colle au latex naturel pour l\u2019int\u00e9rieur.<\/p>\n<p>Elle s\u2019utilise pour le collage \u00e9tanche \u00e0 l\u2019air de frein-vapeurs et de membranes d\u2019\u00e9tanch\u00e9it\u00e9 \u00e0 l\u2019air cartonn\u00e9es (Pro Clima DB+) \u00e0 la fois au niveau des chevauchements et de tous les raccords, sans latte de fixation (selon l\u2019exigence) ou d\u2019autres fixations.<\/p>\n<p><strong>Les + du produit :<\/strong><\/p>\n<ul>\n<li>\u00c9tanch\u00e9it\u00e9 s\u00fbre et \u00e9cologique de l\u2019enveloppe : haute adh\u00e9rence \u00e0 base de mat\u00e9riaux naturels<\/li>\n<li>Travail simplifi\u00e9 : ne n\u00e9cessite aucune latte de fixation compl\u00e9mentaire sur supports solides<\/li>\n<li>Respect des r\u00e9glementations : Collages \u00e9tanches \u00e0 l\u2019air selon la RT 2012 et les normes SIA 180 et DIN 4108-7<\/li>\n<li>Excellents r\u00e9sultats lors du test de nocivit\u00e9, contr\u00f4le r\u00e9alis\u00e9 selon ISO 16000<\/li>\n<\/ul>\n<p>&nbsp;<\/p>\n<div  class='tabcontainer av-w1a2s-421fcc50b6ad35202a86b6fd3e7b11b1 top_tab  avia-builder-el-0  avia-builder-el-no-sibling '>\n<section class='av_tab_section av_tab_section av-raeuc-3ca0ff038ff76ed26b9240b8bb3516e9'  itemscope=\"itemscope\" itemtype=\"https:\/\/schema.org\/CreativeWork\" ><div id='tab-id-1-tab' class='tab active_tab' role='tab' aria-selected=\"true\" tabindex=\"0\" data-fake-id='#tab-id-1' aria-controls='tab-id-1-content'  itemprop=\"headline\" ><span class='tab_icon avia-iconfont avia-font-entypo-fontello' data-av_icon='\ue84b' data-av_iconfont='entypo-fontello' ><\/span>Fiches Techniques<\/div><div id='tab-id-1-content' class='tab_content active_tab_content' role='tabpanel' aria-labelledby='tab-id-1-tab' aria-hidden=\"false\"><div class='tab_inner_content invers-color'  itemprop=\"text\" ><div  class='avia-button-wrap av-igylo-0356a03c819c01f5c64c5c77bb9d7b88-wrap avia-button-left  avia-builder-el-1  avia-builder-el-no-sibling '><a href='https:\/\/maisonecodistribution.com\/eboutique\/wp-content\/uploads\/2020\/04\/Fiche-technique-ECO-COLL.pdf'  class='avia-button av-igylo-0356a03c819c01f5c64c5c77bb9d7b88 av-link-btn avia-icon_select-yes-left-icon avia-size-small avia-position-left av-icon-on-hover avia-color-theme-color'  target=\"_blank\"  rel=\"noopener noreferrer\"  aria-label=\"T\u00e9l\u00e9charger la fiche technique (PDF)\"><span class='avia_button_icon avia_button_icon_left avia-iconfont avia-font-entypo-fontello' data-av_icon='\ue82d' data-av_iconfont='entypo-fontello' ><\/span><span class='avia_iconbox_title' >T\u00e9l\u00e9charger la fiche technique (PDF)<\/span><\/a><\/div>\n<\/div><\/div><\/section>\n<section class='av_tab_section av_tab_section av-f3tho-673245044c8cd2155e38098f98d96955'  itemscope=\"itemscope\" itemtype=\"https:\/\/schema.org\/CreativeWork\" ><div id='tab-id-2-tab' class='tab' role='tab' aria-selected=\"false\" tabindex=\"0\" data-fake-id='#tab-id-2' aria-controls='tab-id-2-content'  itemprop=\"headline\" ><span class='tab_icon avia-iconfont avia-font-entypo-fontello' data-av_icon='\ue81f' data-av_iconfont='entypo-fontello' ><\/span>\u00c0 propos de la marque<\/div><div id='tab-id-2-content' class='tab_content' role='tabpanel' aria-labelledby='tab-id-2-tab' aria-hidden=\"true\"><div class='tab_inner_content invers-color'  itemprop=\"text\" ><p><img loading=\"lazy\" decoding=\"async\" class=\" wp-image-473 alignleft\" src=\"https:\/\/maisonecodistribution.fr\/wp-content\/uploads\/2020\/04\/Logo-pro-clima-259x300.png\" alt=\"\" width=\"98\" height=\"113\" srcset=\"https:\/\/maisonecodistribution.com\/eboutique\/wp-content\/uploads\/2020\/04\/Logo-pro-clima-259x300.png 259w, https:\/\/maisonecodistribution.com\/eboutique\/wp-content\/uploads\/2020\/04\/Logo-pro-clima-888x1030.png 888w, https:\/\/maisonecodistribution.com\/eboutique\/wp-content\/uploads\/2020\/04\/Logo-pro-clima-768x890.png 768w, https:\/\/maisonecodistribution.com\/eboutique\/wp-content\/uploads\/2020\/04\/Logo-pro-clima-1325x1536.png 1325w, https:\/\/maisonecodistribution.com\/eboutique\/wp-content\/uploads\/2020\/04\/Logo-pro-clima-1766x2048.png 1766w, https:\/\/maisonecodistribution.com\/eboutique\/wp-content\/uploads\/2020\/04\/Logo-pro-clima-1294x1500.png 1294w, https:\/\/maisonecodistribution.com\/eboutique\/wp-content\/uploads\/2020\/04\/Logo-pro-clima-608x705.png 608w, https:\/\/maisonecodistribution.com\/eboutique\/wp-content\/uploads\/2020\/04\/Logo-pro-clima-600x696.png 600w\" sizes=\"auto, (max-width: 98px) 100vw, 98px\" \/>PRO CLIMA est une marque sp\u00e9cialis\u00e9e dans la construction \u00e9cologique des b\u00e2timents depuis 1994. Elle propose des syst\u00e8mes d\u2019\u00e9tanch\u00e9it\u00e9 int\u00e9gr\u00e9s pour l\u2019int\u00e9rieur et pour l\u2019ext\u00e9rieur. Les membranes \u00ab\u00a0intelligentes\u00a0\u00bb cr\u00e9\u00e9es par PRO CLIMA sont compl\u00e9t\u00e9es par des adh\u00e9sifs et des accessoires pour la fixation et le raccord. Ils constituent des solutions compl\u00e8tes et fiables pour garantir l\u2019\u00e9tanch\u00e9it\u00e9 de votre b\u00e2timent. PRO CLIMA vous permet d\u2019isoler et de prot\u00e9ger votre construction des d\u00e9gradations climatiques et des moisissures tout en ayant une as\u00adsur\u00adance qualit\u00e9 et un ser\u00advice apr\u00e8s-vente com\u00adplet.<\/p>\n<\/div><\/div><\/section>\n<section class='av_tab_section av_tab_section av-a4nn8-51255d398f2397d9e0b34ca3e4c5aa18'  itemscope=\"itemscope\" itemtype=\"https:\/\/schema.org\/CreativeWork\" ><div id='tab-id-3-tab' class='tab' role='tab' aria-selected=\"false\" tabindex=\"0\" data-fake-id='#tab-id-3' aria-controls='tab-id-3-content'  itemprop=\"headline\" ><span class='tab_icon avia-iconfont avia-font-entypo-fontello' data-av_icon='\ue817' data-av_iconfont='entypo-fontello' ><\/span>Plus d\u2019informations <\/div><div id='tab-id-3-content' class='tab_content' role='tabpanel' aria-labelledby='tab-id-3-tab' aria-hidden=\"true\"><div class='tab_inner_content invers-color'  itemprop=\"text\" ><table>\n<tbody>\n<tr>\n<td width=\"255\"><strong>PRODUIT<\/strong><\/td>\n<td width=\"161\"><strong>Contenance<\/strong><\/td>\n<td width=\"181\"><strong>Prix HT<\/strong><\/td>\n<td width=\"181\"><strong>Prix TTC<\/strong><\/td>\n<\/tr>\n<tr>\n<td width=\"255\">ECOCOLL<\/td>\n<td width=\"161\">\n<p style=\"text-align: center;\">Environ 10ml<\/p>\n<\/td>\n<td width=\"181\">\n<p style=\"text-align: center;\"><strong>11,91 \u20ac<\/strong> \/ tube<\/p>\n<\/td>\n<td width=\"181\">\n<p style=\"text-align: center;\"><strong>14,29 \u20ac<\/strong> \/ tube<\/p>\n<\/td>\n<\/tr>\n<\/tbody>\n<\/table>\n<\/div><\/div><\/section>\n<\/div>\n","protected":false},"excerpt":{"rendered":"<p>ECOCOLL est une colle au latex naturel pour l\u2019int\u00e9rieur.<\/p>\n<p>Elle s\u2019utilise pour le collage \u00e9tanche \u00e0 l\u2019air de frein-vapeurs et de membranes d\u2019\u00e9tanch\u00e9it\u00e9 \u00e0 l\u2019air cartonn\u00e9es (Pro Clima DB+) \u00e0 la fois au niveau des chevauchements et de tous les raccords, sans latte de fixation (selon l\u2019exigence) ou d\u2019autres fixations.<\/p>\n","protected":false},"featured_media":537,"template":"","meta":[],"product_brand":[],"product_cat":[2601,19,30],"product_tag":[],"class_list":{"0":"post-533","1":"product","2":"type-product","3":"status-publish","4":"has-post-thumbnail","6":"product_cat-proclima","7":"product_cat-isolation-etancheite","8":"product_cat-etancheite","10":"first","11":"outofstock","12":"taxable","13":"shipping-taxable","14":"purchasable","15":"product-type-simple"},"yoast_head":"<!-- This site is optimized with the Yoast SEO plugin v25.1 - https:\/\/yoast.com\/wordpress\/plugins\/seo\/ -->\n<title>ECO COLL | Maison \u00c9co Distribution<\/title>\n<meta name=\"robots\" content=\"index, follow, max-snippet:-1, max-image-preview:large, max-video-preview:-1\" \/>\n<link rel=\"canonical\" href=\"https:\/\/maisonecodistribution.com\/eboutique\/produit\/eco-coll\/\" \/>\n<meta property=\"og:locale\" content=\"fr_FR\" \/>\n<meta property=\"og:type\" content=\"article\" \/>\n<meta property=\"og:title\" content=\"ECO COLL | Maison \u00c9co Distribution\" \/>\n<meta property=\"og:description\" content=\"ECOCOLL est une colle au latex naturel pour l\u2019int\u00e9rieur.  Elle s\u2019utilise pour le collage \u00e9tanche \u00e0 l\u2019air de frein-vapeurs et de membranes d\u2019\u00e9tanch\u00e9it\u00e9 \u00e0 l\u2019air cartonn\u00e9es (Pro Clima DB+) \u00e0 la fois au niveau des chevauchements et de tous les raccords, sans latte de fixation (selon l\u2019exigence) ou d\u2019autres fixations.\" \/>\n<meta property=\"og:url\" content=\"https:\/\/maisonecodistribution.com\/eboutique\/produit\/eco-coll\/\" \/>\n<meta property=\"og:site_name\" content=\"Maison \u00c9co Distribution\" \/>\n<meta property=\"article:publisher\" content=\"https:\/\/www.facebook.com\/maisonecodistribution\" \/>\n<meta property=\"article:modified_time\" content=\"2024-06-21T15:29:42+00:00\" \/>\n<meta property=\"og:image\" content=\"https:\/\/maisonecodistribution.com\/eboutique\/wp-content\/uploads\/2020\/04\/p_eco_coll500x500.png\" \/>\n\t<meta property=\"og:image:width\" content=\"500\" \/>\n\t<meta property=\"og:image:height\" content=\"500\" \/>\n\t<meta property=\"og:image:type\" content=\"image\/png\" \/>\n<meta name=\"twitter:card\" content=\"summary_large_image\" \/>\n<meta name=\"twitter:label1\" content=\"Prix\" \/>\n\t<meta name=\"twitter:data1\" content=\"14,29&nbsp;&euro; TTC\" \/>\n\t<meta name=\"twitter:label2\" content=\"Disponibilit\u00e9\" \/>\n\t<meta name=\"twitter:data2\" content=\"Rupture de stock\" \/>\n<script type=\"application\/ld+json\" class=\"yoast-schema-graph\">{\"@context\":\"https:\/\/schema.org\",\"@graph\":[{\"@type\":[\"WebPage\",\"ItemPage\"],\"@id\":\"https:\/\/maisonecodistribution.com\/eboutique\/produit\/eco-coll\/\",\"url\":\"https:\/\/maisonecodistribution.com\/eboutique\/produit\/eco-coll\/\",\"name\":\"ECO COLL | Maison \u00c9co Distribution\",\"isPartOf\":{\"@id\":\"https:\/\/maisonecodistribution.com\/eboutique\/#website\"},\"primaryImageOfPage\":{\"@id\":\"https:\/\/maisonecodistribution.com\/eboutique\/produit\/eco-coll\/#primaryimage\"},\"image\":{\"@id\":\"https:\/\/maisonecodistribution.com\/eboutique\/produit\/eco-coll\/#primaryimage\"},\"thumbnailUrl\":\"https:\/\/maisonecodistribution.com\/eboutique\/wp-content\/uploads\/2020\/04\/p_eco_coll500x500.png\",\"datePublished\":\"2020-04-10T14:52:44+00:00\",\"dateModified\":\"2024-06-21T15:29:42+00:00\",\"breadcrumb\":{\"@id\":\"https:\/\/maisonecodistribution.com\/eboutique\/produit\/eco-coll\/#breadcrumb\"},\"inLanguage\":\"fr-FR\",\"potentialAction\":[{\"@type\":\"ReadAction\",\"target\":[\"https:\/\/maisonecodistribution.com\/eboutique\/produit\/eco-coll\/\"]}]},{\"@type\":\"ImageObject\",\"inLanguage\":\"fr-FR\",\"@id\":\"https:\/\/maisonecodistribution.com\/eboutique\/produit\/eco-coll\/#primaryimage\",\"url\":\"https:\/\/maisonecodistribution.com\/eboutique\/wp-content\/uploads\/2020\/04\/p_eco_coll500x500.png\",\"contentUrl\":\"https:\/\/maisonecodistribution.com\/eboutique\/wp-content\/uploads\/2020\/04\/p_eco_coll500x500.png\",\"width\":500,\"height\":500},{\"@type\":\"BreadcrumbList\",\"@id\":\"https:\/\/maisonecodistribution.com\/eboutique\/produit\/eco-coll\/#breadcrumb\",\"itemListElement\":[{\"@type\":\"ListItem\",\"position\":1,\"name\":\"Home\",\"item\":\"https:\/\/maisonecodistribution.com\/eboutique\/\"},{\"@type\":\"ListItem\",\"position\":2,\"name\":\"CATALOGUE\",\"item\":\"https:\/\/maisonecodistribution.com\/eboutique\/catalogue\/\"},{\"@type\":\"ListItem\",\"position\":3,\"name\":\"ECO COLL\"}]},{\"@type\":\"WebSite\",\"@id\":\"https:\/\/maisonecodistribution.com\/eboutique\/#website\",\"url\":\"https:\/\/maisonecodistribution.com\/eboutique\/\",\"name\":\"Maison \u00c9co Distribution\",\"description\":\"Tout pour un habitat sain\",\"publisher\":{\"@id\":\"https:\/\/maisonecodistribution.com\/eboutique\/#organization\"},\"potentialAction\":[{\"@type\":\"SearchAction\",\"target\":{\"@type\":\"EntryPoint\",\"urlTemplate\":\"https:\/\/maisonecodistribution.com\/eboutique\/?s={search_term_string}\"},\"query-input\":{\"@type\":\"PropertyValueSpecification\",\"valueRequired\":true,\"valueName\":\"search_term_string\"}}],\"inLanguage\":\"fr-FR\"},{\"@type\":\"Organization\",\"@id\":\"https:\/\/maisonecodistribution.com\/eboutique\/#organization\",\"name\":\"Maison \u00c9co Distribution\",\"url\":\"https:\/\/maisonecodistribution.com\/eboutique\/\",\"logo\":{\"@type\":\"ImageObject\",\"inLanguage\":\"fr-FR\",\"@id\":\"https:\/\/maisonecodistribution.com\/eboutique\/#\/schema\/logo\/image\/\",\"url\":\"https:\/\/maisonecodistribution.com\/eboutique\/wp-content\/uploads\/2024\/07\/logo-maison-eco-1.png\",\"contentUrl\":\"https:\/\/maisonecodistribution.com\/eboutique\/wp-content\/uploads\/2024\/07\/logo-maison-eco-1.png\",\"width\":300,\"height\":321,\"caption\":\"Maison \u00c9co Distribution\"},\"image\":{\"@id\":\"https:\/\/maisonecodistribution.com\/eboutique\/#\/schema\/logo\/image\/\"},\"sameAs\":[\"https:\/\/www.facebook.com\/maisonecodistribution\"]}]}<\/script>\n<meta property=\"product:price:amount\" content=\"14.29\" \/>\n<meta property=\"product:price:currency\" content=\"EUR\" \/>\n<meta property=\"og:availability\" content=\"out of stock\" \/>\n<meta property=\"product:availability\" content=\"out of stock\" \/>\n<meta property=\"product:condition\" content=\"new\" \/>\n<!-- \/ Yoast SEO plugin. -->","yoast_head_json":{"title":"ECO COLL | Maison \u00c9co Distribution","robots":{"index":"index","follow":"follow","max-snippet":"max-snippet:-1","max-image-preview":"max-image-preview:large","max-video-preview":"max-video-preview:-1"},"canonical":"https:\/\/maisonecodistribution.com\/eboutique\/produit\/eco-coll\/","og_locale":"fr_FR","og_type":"article","og_title":"ECO COLL | Maison \u00c9co Distribution","og_description":"ECOCOLL est une colle au latex naturel pour l\u2019int\u00e9rieur.  Elle s\u2019utilise pour le collage \u00e9tanche \u00e0 l\u2019air de frein-vapeurs et de membranes d\u2019\u00e9tanch\u00e9it\u00e9 \u00e0 l\u2019air cartonn\u00e9es (Pro Clima DB+) \u00e0 la fois au niveau des chevauchements et de tous les raccords, sans latte de fixation (selon l\u2019exigence) ou d\u2019autres fixations.","og_url":"https:\/\/maisonecodistribution.com\/eboutique\/produit\/eco-coll\/","og_site_name":"Maison \u00c9co Distribution","article_publisher":"https:\/\/www.facebook.com\/maisonecodistribution","article_modified_time":"2024-06-21T15:29:42+00:00","og_image":[{"width":500,"height":500,"url":"https:\/\/maisonecodistribution.com\/eboutique\/wp-content\/uploads\/2020\/04\/p_eco_coll500x500.png","type":"image\/png"}],"twitter_card":"summary_large_image","twitter_misc":{"Prix":"14,29&nbsp;&euro; TTC","Disponibilit\u00e9":"Rupture de stock"},"schema":{"@context":"https:\/\/schema.org","@graph":[{"@type":["WebPage","ItemPage"],"@id":"https:\/\/maisonecodistribution.com\/eboutique\/produit\/eco-coll\/","url":"https:\/\/maisonecodistribution.com\/eboutique\/produit\/eco-coll\/","name":"ECO COLL | Maison \u00c9co Distribution","isPartOf":{"@id":"https:\/\/maisonecodistribution.com\/eboutique\/#website"},"primaryImageOfPage":{"@id":"https:\/\/maisonecodistribution.com\/eboutique\/produit\/eco-coll\/#primaryimage"},"image":{"@id":"https:\/\/maisonecodistribution.com\/eboutique\/produit\/eco-coll\/#primaryimage"},"thumbnailUrl":"https:\/\/maisonecodistribution.com\/eboutique\/wp-content\/uploads\/2020\/04\/p_eco_coll500x500.png","datePublished":"2020-04-10T14:52:44+00:00","dateModified":"2024-06-21T15:29:42+00:00","breadcrumb":{"@id":"https:\/\/maisonecodistribution.com\/eboutique\/produit\/eco-coll\/#breadcrumb"},"inLanguage":"fr-FR","potentialAction":[{"@type":"ReadAction","target":["https:\/\/maisonecodistribution.com\/eboutique\/produit\/eco-coll\/"]}]},{"@type":"ImageObject","inLanguage":"fr-FR","@id":"https:\/\/maisonecodistribution.com\/eboutique\/produit\/eco-coll\/#primaryimage","url":"https:\/\/maisonecodistribution.com\/eboutique\/wp-content\/uploads\/2020\/04\/p_eco_coll500x500.png","contentUrl":"https:\/\/maisonecodistribution.com\/eboutique\/wp-content\/uploads\/2020\/04\/p_eco_coll500x500.png","width":500,"height":500},{"@type":"BreadcrumbList","@id":"https:\/\/maisonecodistribution.com\/eboutique\/produit\/eco-coll\/#breadcrumb","itemListElement":[{"@type":"ListItem","position":1,"name":"Home","item":"https:\/\/maisonecodistribution.com\/eboutique\/"},{"@type":"ListItem","position":2,"name":"CATALOGUE","item":"https:\/\/maisonecodistribution.com\/eboutique\/catalogue\/"},{"@type":"ListItem","position":3,"name":"ECO COLL"}]},{"@type":"WebSite","@id":"https:\/\/maisonecodistribution.com\/eboutique\/#website","url":"https:\/\/maisonecodistribution.com\/eboutique\/","name":"Maison \u00c9co Distribution","description":"Tout pour un habitat sain","publisher":{"@id":"https:\/\/maisonecodistribution.com\/eboutique\/#organization"},"potentialAction":[{"@type":"SearchAction","target":{"@type":"EntryPoint","urlTemplate":"https:\/\/maisonecodistribution.com\/eboutique\/?s={search_term_string}"},"query-input":{"@type":"PropertyValueSpecification","valueRequired":true,"valueName":"search_term_string"}}],"inLanguage":"fr-FR"},{"@type":"Organization","@id":"https:\/\/maisonecodistribution.com\/eboutique\/#organization","name":"Maison \u00c9co Distribution","url":"https:\/\/maisonecodistribution.com\/eboutique\/","logo":{"@type":"ImageObject","inLanguage":"fr-FR","@id":"https:\/\/maisonecodistribution.com\/eboutique\/#\/schema\/logo\/image\/","url":"https:\/\/maisonecodistribution.com\/eboutique\/wp-content\/uploads\/2024\/07\/logo-maison-eco-1.png","contentUrl":"https:\/\/maisonecodistribution.com\/eboutique\/wp-content\/uploads\/2024\/07\/logo-maison-eco-1.png","width":300,"height":321,"caption":"Maison \u00c9co Distribution"},"image":{"@id":"https:\/\/maisonecodistribution.com\/eboutique\/#\/schema\/logo\/image\/"},"sameAs":["https:\/\/www.facebook.com\/maisonecodistribution"]}]},"product_price_amount":"14.29","product_price_currency":"EUR","og_availability":"out of stock","product_availability":"out of stock","product_condition":"new"},"_links":{"self":[{"href":"https:\/\/maisonecodistribution.com\/eboutique\/wp-json\/wp\/v2\/product\/533","targetHints":{"allow":["GET"]}}],"collection":[{"href":"https:\/\/maisonecodistribution.com\/eboutique\/wp-json\/wp\/v2\/product"}],"about":[{"href":"https:\/\/maisonecodistribution.com\/eboutique\/wp-json\/wp\/v2\/types\/product"}],"wp:featuredmedia":[{"embeddable":true,"href":"https:\/\/maisonecodistribution.com\/eboutique\/wp-json\/wp\/v2\/media\/537"}],"wp:attachment":[{"href":"https:\/\/maisonecodistribution.com\/eboutique\/wp-json\/wp\/v2\/media?parent=533"}],"wp:term":[{"taxonomy":"product_brand","embeddable":true,"href":"https:\/\/maisonecodistribution.com\/eboutique\/wp-json\/wp\/v2\/product_brand?post=533"},{"taxonomy":"product_cat","embeddable":true,"href":"https:\/\/maisonecodistribution.com\/eboutique\/wp-json\/wp\/v2\/product_cat?post=533"},{"taxonomy":"product_tag","embeddable":true,"href":"https:\/\/maisonecodistribution.com\/eboutique\/wp-json\/wp\/v2\/product_tag?post=533"}],"curies":[{"name":"wp","href":"https:\/\/api.w.org\/{rel}","templated":true}]}}