{"id":3347,"date":"2022-04-11T17:42:41","date_gmt":"2022-04-11T15:42:41","guid":{"rendered":"https:\/\/maisonecodistribution.com\/?post_type=product&#038;p=3347"},"modified":"2026-01-26T14:40:41","modified_gmt":"2026-01-26T13:40:41","slug":"purificateur-deau-british","status":"publish","type":"product","link":"https:\/\/maisonecodistribution.com\/eboutique\/produit\/purificateur-deau-british\/","title":{"rendered":"PURIFICATEUR D&rsquo;EAU A GRAVITE BRITISH BERKEFELD"},"content":{"rendered":"<div class=\"page\" title=\"Page 1\">\n<div class=\"layoutArea\">\n<div class=\"column\">\n<p><strong>Purificateur d\u2019eau alimentaire nomade<\/strong> \u00e0 filtration d\u2019eau par gravit\u00e9 Doulton. Un filtre \u00e0 eau en toutes circonstances. Le filtre \u00e0 eau <strong>British Berkefeld BB2\u00a0<\/strong> filtre \u00e0 gravit\u00e9 est con\u00e7u pour de multiples utilisations. C\u2019est le moyen simple, fiable et efficace pour disposer d\u2019une eau pure et s\u00fbre \u00e0 partir de n\u2019importe quelle source non contr\u00f4l\u00e9e \u2026 En ext\u00e9rieur, chez soi ou en cas d\u2019urgence\u2026 Id\u00e9al pour les lieux sans acc\u00e8s direct \u00e0 l\u2019eau potable (non contr\u00f4l\u00e9e, eau de torrent, lac, rivi\u00e8re, de surface\u2026) mais aussi en camping, g\u00eete, dans des lieux isol\u00e9s sans adduction d\u2019eau ou en cas d\u2019urgence, de catastrophe naturelle et secours humanitaire\u2026 Le <strong>filtre \u00e0 eau<\/strong> pure Doulton SS2 par gravit\u00e9 est con\u00e7u pour une utilisation imm\u00e9diate et tout au long de l\u2019ann\u00e9e.<\/p>\n<p>Le filtre \u00e0 eau par gravit\u00e9 dispose de 2 r\u00e9servoirs superpos\u00e9s li\u00e9s l\u2019un \u00e0 l\u2019autre par les cartouches de filtration d\u2019eau ATC SuperSterasyl. Le r\u00e9servoir sup\u00e9rieur est rempli avec de l\u2019eau non filtr\u00e9e, qui, par <strong>gravit\u00e9<\/strong> va traverser les cartouches de filtration (2 cartouches en version initiale et jusqu\u2019\u00e0 4 cartouches) pour arriver filtr\u00e9e dans le r\u00e9servoir inf\u00e9rieur apr\u00e8s les 4 \u00e9tapes de filtration. L\u2019eau filtr\u00e9e est r\u00e9cup\u00e9r\u00e9e au robinet eau pure. Filtre a eau pure <strong>British Berkefeld<\/strong> , f<strong>iltre \u00e0\u00a0 \u00e0 gravit\u00e9 BB2<\/strong>, de nombreux avantages : Compact, nomade, utilisable en toutes circonstances Simplicit\u00e9 d\u2019installation d\u2019utilisation et d\u2019entretien Fonctionne par gravit\u00e9, sans \u00e9nergie et sans rejet d\u2019eau Grand r\u00e9servoir : 8.5 litres de filtration, Qualit\u00e9 Inox, avec 2 obturateurs.<\/p>\n<\/div>\n<\/div>\n<\/div>\n<div class=\"c-app-preview-facet__facet-value c-app-preview-facet__facet-value--type-imageslist\">\n<div data-facetvalue-global-counter=\"4\">\n<p><strong>Les + du produit :<\/strong><\/p>\n<ul>\n<li>installation rapide et facile (appareil nomade)<\/li>\n<li>fonctionne sans \u00e9nergie et sans rejet d&rsquo;eau<\/li>\n<li>rapidit\u00e9 d&rsquo;entretien<\/li>\n<li>produit et performances de filtration certifi\u00e9s NSF<\/li>\n<\/ul>\n<p><strong>Composition<\/strong>: Filtre \u00e0 gravit\u00e9 eau pure Bristih Berkefeld 2 \u00e9quip\u00e9 de 2 cartouches Ultra Sterasyl, un robinet eau pure.<\/p>\n<p><strong>Caract\u00e9ristiques<\/strong>: Mat\u00e9riau : INOX. Dimensions British Berkefeld 2 : Hauteur 48cm, Diam\u00e8tre 21 cm,\u00a0 Rendement de filtration d\u2019eau :1.5 L litre \/ heure (avec 2 cartouches), R\u00e9servoir : 8.5 litres sup\u00e9rieur \/ 8.5 litres inf\u00e9rieur. 2 obturateurs<\/p>\n<p>Disponible en 6 L, 8,5 L et 12 L<\/p>\n<p><strong>Entretien<\/strong>: Cartouches Ultra Sterasyl : Remplacement tous les 6 \u00e0 12 mois ou 3000 litres.<\/p>\n<p><strong>Certifications<\/strong>: NSF\/ANSI standards 42 &amp; 53\u00a0; WRAS\u00a0; CSTB\u00a0; ISO 9002. Fabriqu\u00e9 en Angleterre.<\/p>\n<div  class='tabcontainer av-w1a2s-421fcc50b6ad35202a86b6fd3e7b11b1 top_tab  avia-builder-el-0  avia-builder-el-no-sibling '>\n<section class='av_tab_section av_tab_section av-f3tho-673245044c8cd2155e38098f98d96955'  itemscope=\"itemscope\" itemtype=\"https:\/\/schema.org\/CreativeWork\" ><div id='tab-id-1-tab' class='tab active_tab' role='tab' aria-selected=\"true\" tabindex=\"0\" data-fake-id='#tab-id-1' aria-controls='tab-id-1-content'  itemprop=\"headline\" ><span class='tab_icon avia-iconfont avia-font-entypo-fontello' data-av_icon='\ue81f' data-av_iconfont='entypo-fontello' ><\/span>\u00c0 propos de la marque<\/div><div id='tab-id-1-content' class='tab_content active_tab_content' role='tabpanel' aria-labelledby='tab-id-1-tab' aria-hidden=\"false\"><div class='tab_inner_content invers-color'  itemprop=\"text\" ><p><img loading=\"lazy\" decoding=\"async\" class=\"alignleft wp-image-1822\" src=\"https:\/\/maisonecodistribution.fr\/wp-content\/uploads\/2020\/06\/logoDOULTON-maisoneco.jpg\" alt=\"\" width=\"123\" height=\"123\" srcset=\"https:\/\/maisonecodistribution.com\/eboutique\/wp-content\/uploads\/2020\/06\/logoDOULTON-maisoneco.jpg 500w, https:\/\/maisonecodistribution.com\/eboutique\/wp-content\/uploads\/2020\/06\/logoDOULTON-maisoneco-300x300.jpg 300w, https:\/\/maisonecodistribution.com\/eboutique\/wp-content\/uploads\/2020\/06\/logoDOULTON-maisoneco-80x80.jpg 80w, https:\/\/maisonecodistribution.com\/eboutique\/wp-content\/uploads\/2020\/06\/logoDOULTON-maisoneco-36x36.jpg 36w, https:\/\/maisonecodistribution.com\/eboutique\/wp-content\/uploads\/2020\/06\/logoDOULTON-maisoneco-180x180.jpg 180w, https:\/\/maisonecodistribution.com\/eboutique\/wp-content\/uploads\/2020\/06\/logoDOULTON-maisoneco-100x100.jpg 100w\" sizes=\"auto, (max-width: 123px) 100vw, 123px\" \/><\/p>\n<div class=\"page\" title=\"Page 2\">\n<div class=\"section\">\n<div class=\"layoutArea\">\n<div class=\"column\">\n<p>Fabriqu\u00e9 au Royaume Uni depuis pr\u00e8s de deux si\u00e8cles&#8230; Les filtres eau pure Doulton permettent de disposer en continu d\u2019une eau pure, s\u00fbre, agr\u00e9able \u00e0 boire en toute circonstance et \u00e0 partir de n\u2019importe quelle source d\u2019eau. Appr\u00e9ciez la finesse de filtration d&rsquo;eau naturelle Doulton dans votre cuisine, ou en ext\u00e9rieur. La technologie de microfiltration de l\u2019eau Doulton est de qualit\u00e9, agr\u00e9\u00e9 et in\u00e9gal\u00e9e depuis plus de 185 ans.<\/p>\n<\/div>\n<\/div>\n<\/div>\n<\/div>\n<\/div><\/div><\/section>\n<section class='av_tab_section av_tab_section av-a4nn8-51255d398f2397d9e0b34ca3e4c5aa18'  itemscope=\"itemscope\" itemtype=\"https:\/\/schema.org\/CreativeWork\" ><div id='tab-id-2-tab' class='tab' role='tab' aria-selected=\"false\" tabindex=\"0\" data-fake-id='#tab-id-2' aria-controls='tab-id-2-content'  itemprop=\"headline\" ><span class='tab_icon avia-iconfont avia-font-entypo-fontello' data-av_icon='\ue817' data-av_iconfont='entypo-fontello' ><\/span>Plus d\u2019informations <\/div><div id='tab-id-2-content' class='tab_content' role='tabpanel' aria-labelledby='tab-id-2-tab' aria-hidden=\"true\"><div class='tab_inner_content invers-color'  itemprop=\"text\" ><table>\n<tbody>\n<tr>\n<td width=\"255\"><strong>PRODUIT<\/strong><\/td>\n<td style=\"text-align: center;\" width=\"181\"><strong>Prix TTC\/unit\u00e9<\/strong><\/td>\n<\/tr>\n<tr>\n<td width=\"255\">PURIFICATEUR D&rsquo;EAU BB2 DOULTON 6 L<\/td>\n<td style=\"text-align: center;\" width=\"181\">294,95 \u20ac<\/td>\n<\/tr>\n<tr>\n<td width=\"255\">PURIFICATEUR D&rsquo;EAU BB2 DOULTON 8,5 L<\/td>\n<td style=\"text-align: center;\" width=\"181\">324,95 \u20ac<\/td>\n<\/tr>\n<tr>\n<td width=\"255\">PURIFICATEUR D&rsquo;EAU BB2 DOULTON 12 L<\/td>\n<td style=\"text-align: center;\" width=\"181\">424,95 \u20ac<\/td>\n<\/tr>\n<\/tbody>\n<\/table>\n<\/div><\/div><\/section>\n<\/div>\n<p>&nbsp;<\/p>\n<\/div>\n<\/div>\n","protected":false},"excerpt":{"rendered":"<p class=\"cs2654AE3A\"><strong> Purificateur d\u2019eau alimentaire nomade \u00e0 filtration d\u2019eau par gravit\u00e9 British Berkefeld. <\/strong>Un filtre \u00e0 eau en toutes circonstances.<strong> Le filtre a eau British Berkefeld 2 \u00e0 gravit\u00e9 <\/strong>est con\u00e7u pour de multiples utilisations.<\/p>\n<p>&nbsp;<\/p>\n","protected":false},"featured_media":3350,"template":"","meta":[],"product_brand":[],"product_cat":[2576,22,45],"product_tag":[],"class_list":{"0":"post-3347","1":"product","2":"type-product","3":"status-publish","4":"has-post-thumbnail","6":"product_cat-doulton","7":"product_cat-equipement-energie","8":"product_cat-filtration-de-leau","10":"first","11":"instock","12":"taxable","13":"shipping-taxable","14":"purchasable","15":"product-type-variable"},"yoast_head":"<!-- This site is optimized with the Yoast SEO plugin v25.1 - https:\/\/yoast.com\/wordpress\/plugins\/seo\/ -->\n<title>PURIFICATEUR D&#039;EAU A GRAVITE BRITISH BERKEFELD | \u00c9quipements \u00e9cologiques | Maison \u00c9co Distribution<\/title>\n<meta name=\"description\" content=\"Purificateur d\u2019eau alimentaire nomade \u00e0 filtration d\u2019eau par gravit\u00e9 British Berkefeld. Un filtre \u00e0 eau en toutes circonstances.\" \/>\n<meta name=\"robots\" content=\"index, follow, max-snippet:-1, max-image-preview:large, max-video-preview:-1\" \/>\n<link rel=\"canonical\" href=\"https:\/\/maisonecodistribution.com\/eboutique\/produit\/purificateur-deau-british\/\" \/>\n<meta property=\"og:locale\" content=\"fr_FR\" \/>\n<meta property=\"og:type\" content=\"article\" \/>\n<meta property=\"og:title\" content=\"PURIFICATEUR D&#039;EAU A GRAVITE BRITISH BERKEFELD | \u00c9quipements \u00e9cologiques | Maison \u00c9co Distribution\" \/>\n<meta property=\"og:description\" content=\"Purificateur d\u2019eau alimentaire nomade \u00e0 filtration d\u2019eau par gravit\u00e9 British Berkefeld. Un filtre \u00e0 eau en toutes circonstances.\" \/>\n<meta property=\"og:url\" content=\"https:\/\/maisonecodistribution.com\/eboutique\/produit\/purificateur-deau-british\/\" \/>\n<meta property=\"og:site_name\" content=\"Maison \u00c9co Distribution\" \/>\n<meta property=\"article:publisher\" content=\"https:\/\/www.facebook.com\/maisonecodistribution\" \/>\n<meta property=\"article:modified_time\" content=\"2026-01-26T13:40:41+00:00\" \/>\n<meta property=\"og:image\" content=\"https:\/\/maisonecodistribution.com\/eboutique\/wp-content\/uploads\/2022\/04\/filtre_gravit_bristih_berkefeld.jpeg\" \/>\n\t<meta property=\"og:image:width\" content=\"769\" \/>\n\t<meta property=\"og:image:height\" content=\"1200\" \/>\n\t<meta property=\"og:image:type\" content=\"image\/jpeg\" \/>\n<meta name=\"twitter:card\" content=\"summary_large_image\" \/>\n<meta name=\"twitter:label1\" content=\"Disponibilit\u00e9\" \/>\n\t<meta name=\"twitter:data1\" content=\"En stock\" \/>\n<script type=\"application\/ld+json\" class=\"yoast-schema-graph\">{\"@context\":\"https:\/\/schema.org\",\"@graph\":[{\"@type\":[\"WebPage\",\"ItemPage\"],\"@id\":\"https:\/\/maisonecodistribution.com\/eboutique\/produit\/purificateur-deau-british\/\",\"url\":\"https:\/\/maisonecodistribution.com\/eboutique\/produit\/purificateur-deau-british\/\",\"name\":\"PURIFICATEUR D'EAU A GRAVITE BRITISH BERKEFELD | \u00c9quipements \u00e9cologiques | Maison \u00c9co Distribution\",\"isPartOf\":{\"@id\":\"https:\/\/maisonecodistribution.com\/eboutique\/#website\"},\"primaryImageOfPage\":{\"@id\":\"https:\/\/maisonecodistribution.com\/eboutique\/produit\/purificateur-deau-british\/#primaryimage\"},\"image\":{\"@id\":\"https:\/\/maisonecodistribution.com\/eboutique\/produit\/purificateur-deau-british\/#primaryimage\"},\"thumbnailUrl\":\"https:\/\/maisonecodistribution.com\/eboutique\/wp-content\/uploads\/2022\/04\/filtre_gravit_bristih_berkefeld.jpeg\",\"datePublished\":\"2022-04-11T15:42:41+00:00\",\"dateModified\":\"2026-01-26T13:40:41+00:00\",\"description\":\"Purificateur d\u2019eau alimentaire nomade \u00e0 filtration d\u2019eau par gravit\u00e9 British Berkefeld. Un filtre \u00e0 eau en toutes circonstances.\",\"breadcrumb\":{\"@id\":\"https:\/\/maisonecodistribution.com\/eboutique\/produit\/purificateur-deau-british\/#breadcrumb\"},\"inLanguage\":\"fr-FR\",\"potentialAction\":[{\"@type\":\"ReadAction\",\"target\":[\"https:\/\/maisonecodistribution.com\/eboutique\/produit\/purificateur-deau-british\/\"]}]},{\"@type\":\"ImageObject\",\"inLanguage\":\"fr-FR\",\"@id\":\"https:\/\/maisonecodistribution.com\/eboutique\/produit\/purificateur-deau-british\/#primaryimage\",\"url\":\"https:\/\/maisonecodistribution.com\/eboutique\/wp-content\/uploads\/2022\/04\/filtre_gravit_bristih_berkefeld.jpeg\",\"contentUrl\":\"https:\/\/maisonecodistribution.com\/eboutique\/wp-content\/uploads\/2022\/04\/filtre_gravit_bristih_berkefeld.jpeg\",\"width\":769,\"height\":1200},{\"@type\":\"BreadcrumbList\",\"@id\":\"https:\/\/maisonecodistribution.com\/eboutique\/produit\/purificateur-deau-british\/#breadcrumb\",\"itemListElement\":[{\"@type\":\"ListItem\",\"position\":1,\"name\":\"Home\",\"item\":\"https:\/\/maisonecodistribution.com\/eboutique\/\"},{\"@type\":\"ListItem\",\"position\":2,\"name\":\"CATALOGUE\",\"item\":\"https:\/\/maisonecodistribution.com\/eboutique\/catalogue\/\"},{\"@type\":\"ListItem\",\"position\":3,\"name\":\"PURIFICATEUR D&rsquo;EAU A GRAVITE BRITISH BERKEFELD\"}]},{\"@type\":\"WebSite\",\"@id\":\"https:\/\/maisonecodistribution.com\/eboutique\/#website\",\"url\":\"https:\/\/maisonecodistribution.com\/eboutique\/\",\"name\":\"Maison \u00c9co Distribution\",\"description\":\"Tout pour un habitat sain\",\"publisher\":{\"@id\":\"https:\/\/maisonecodistribution.com\/eboutique\/#organization\"},\"potentialAction\":[{\"@type\":\"SearchAction\",\"target\":{\"@type\":\"EntryPoint\",\"urlTemplate\":\"https:\/\/maisonecodistribution.com\/eboutique\/?s={search_term_string}\"},\"query-input\":{\"@type\":\"PropertyValueSpecification\",\"valueRequired\":true,\"valueName\":\"search_term_string\"}}],\"inLanguage\":\"fr-FR\"},{\"@type\":\"Organization\",\"@id\":\"https:\/\/maisonecodistribution.com\/eboutique\/#organization\",\"name\":\"Maison \u00c9co Distribution\",\"url\":\"https:\/\/maisonecodistribution.com\/eboutique\/\",\"logo\":{\"@type\":\"ImageObject\",\"inLanguage\":\"fr-FR\",\"@id\":\"https:\/\/maisonecodistribution.com\/eboutique\/#\/schema\/logo\/image\/\",\"url\":\"https:\/\/maisonecodistribution.com\/eboutique\/wp-content\/uploads\/2024\/07\/logo-maison-eco-1.png\",\"contentUrl\":\"https:\/\/maisonecodistribution.com\/eboutique\/wp-content\/uploads\/2024\/07\/logo-maison-eco-1.png\",\"width\":300,\"height\":321,\"caption\":\"Maison \u00c9co Distribution\"},\"image\":{\"@id\":\"https:\/\/maisonecodistribution.com\/eboutique\/#\/schema\/logo\/image\/\"},\"sameAs\":[\"https:\/\/www.facebook.com\/maisonecodistribution\"]}]}<\/script>\n<meta property=\"og:availability\" content=\"instock\" \/>\n<meta property=\"product:availability\" content=\"instock\" \/>\n<meta property=\"product:condition\" content=\"new\" \/>\n<!-- \/ Yoast SEO plugin. -->","yoast_head_json":{"title":"PURIFICATEUR D'EAU A GRAVITE BRITISH BERKEFELD | \u00c9quipements \u00e9cologiques | Maison \u00c9co Distribution","description":"Purificateur d\u2019eau alimentaire nomade \u00e0 filtration d\u2019eau par gravit\u00e9 British Berkefeld. Un filtre \u00e0 eau en toutes circonstances.","robots":{"index":"index","follow":"follow","max-snippet":"max-snippet:-1","max-image-preview":"max-image-preview:large","max-video-preview":"max-video-preview:-1"},"canonical":"https:\/\/maisonecodistribution.com\/eboutique\/produit\/purificateur-deau-british\/","og_locale":"fr_FR","og_type":"article","og_title":"PURIFICATEUR D'EAU A GRAVITE BRITISH BERKEFELD | \u00c9quipements \u00e9cologiques | Maison \u00c9co Distribution","og_description":"Purificateur d\u2019eau alimentaire nomade \u00e0 filtration d\u2019eau par gravit\u00e9 British Berkefeld. Un filtre \u00e0 eau en toutes circonstances.","og_url":"https:\/\/maisonecodistribution.com\/eboutique\/produit\/purificateur-deau-british\/","og_site_name":"Maison \u00c9co Distribution","article_publisher":"https:\/\/www.facebook.com\/maisonecodistribution","article_modified_time":"2026-01-26T13:40:41+00:00","og_image":[{"width":769,"height":1200,"url":"https:\/\/maisonecodistribution.com\/eboutique\/wp-content\/uploads\/2022\/04\/filtre_gravit_bristih_berkefeld.jpeg","type":"image\/jpeg"}],"twitter_card":"summary_large_image","twitter_misc":{"Disponibilit\u00e9":"En stock"},"schema":{"@context":"https:\/\/schema.org","@graph":[{"@type":["WebPage","ItemPage"],"@id":"https:\/\/maisonecodistribution.com\/eboutique\/produit\/purificateur-deau-british\/","url":"https:\/\/maisonecodistribution.com\/eboutique\/produit\/purificateur-deau-british\/","name":"PURIFICATEUR D'EAU A GRAVITE BRITISH BERKEFELD | \u00c9quipements \u00e9cologiques | Maison \u00c9co Distribution","isPartOf":{"@id":"https:\/\/maisonecodistribution.com\/eboutique\/#website"},"primaryImageOfPage":{"@id":"https:\/\/maisonecodistribution.com\/eboutique\/produit\/purificateur-deau-british\/#primaryimage"},"image":{"@id":"https:\/\/maisonecodistribution.com\/eboutique\/produit\/purificateur-deau-british\/#primaryimage"},"thumbnailUrl":"https:\/\/maisonecodistribution.com\/eboutique\/wp-content\/uploads\/2022\/04\/filtre_gravit_bristih_berkefeld.jpeg","datePublished":"2022-04-11T15:42:41+00:00","dateModified":"2026-01-26T13:40:41+00:00","description":"Purificateur d\u2019eau alimentaire nomade \u00e0 filtration d\u2019eau par gravit\u00e9 British Berkefeld. Un filtre \u00e0 eau en toutes circonstances.","breadcrumb":{"@id":"https:\/\/maisonecodistribution.com\/eboutique\/produit\/purificateur-deau-british\/#breadcrumb"},"inLanguage":"fr-FR","potentialAction":[{"@type":"ReadAction","target":["https:\/\/maisonecodistribution.com\/eboutique\/produit\/purificateur-deau-british\/"]}]},{"@type":"ImageObject","inLanguage":"fr-FR","@id":"https:\/\/maisonecodistribution.com\/eboutique\/produit\/purificateur-deau-british\/#primaryimage","url":"https:\/\/maisonecodistribution.com\/eboutique\/wp-content\/uploads\/2022\/04\/filtre_gravit_bristih_berkefeld.jpeg","contentUrl":"https:\/\/maisonecodistribution.com\/eboutique\/wp-content\/uploads\/2022\/04\/filtre_gravit_bristih_berkefeld.jpeg","width":769,"height":1200},{"@type":"BreadcrumbList","@id":"https:\/\/maisonecodistribution.com\/eboutique\/produit\/purificateur-deau-british\/#breadcrumb","itemListElement":[{"@type":"ListItem","position":1,"name":"Home","item":"https:\/\/maisonecodistribution.com\/eboutique\/"},{"@type":"ListItem","position":2,"name":"CATALOGUE","item":"https:\/\/maisonecodistribution.com\/eboutique\/catalogue\/"},{"@type":"ListItem","position":3,"name":"PURIFICATEUR D&rsquo;EAU A GRAVITE BRITISH BERKEFELD"}]},{"@type":"WebSite","@id":"https:\/\/maisonecodistribution.com\/eboutique\/#website","url":"https:\/\/maisonecodistribution.com\/eboutique\/","name":"Maison \u00c9co Distribution","description":"Tout pour un habitat sain","publisher":{"@id":"https:\/\/maisonecodistribution.com\/eboutique\/#organization"},"potentialAction":[{"@type":"SearchAction","target":{"@type":"EntryPoint","urlTemplate":"https:\/\/maisonecodistribution.com\/eboutique\/?s={search_term_string}"},"query-input":{"@type":"PropertyValueSpecification","valueRequired":true,"valueName":"search_term_string"}}],"inLanguage":"fr-FR"},{"@type":"Organization","@id":"https:\/\/maisonecodistribution.com\/eboutique\/#organization","name":"Maison \u00c9co Distribution","url":"https:\/\/maisonecodistribution.com\/eboutique\/","logo":{"@type":"ImageObject","inLanguage":"fr-FR","@id":"https:\/\/maisonecodistribution.com\/eboutique\/#\/schema\/logo\/image\/","url":"https:\/\/maisonecodistribution.com\/eboutique\/wp-content\/uploads\/2024\/07\/logo-maison-eco-1.png","contentUrl":"https:\/\/maisonecodistribution.com\/eboutique\/wp-content\/uploads\/2024\/07\/logo-maison-eco-1.png","width":300,"height":321,"caption":"Maison \u00c9co Distribution"},"image":{"@id":"https:\/\/maisonecodistribution.com\/eboutique\/#\/schema\/logo\/image\/"},"sameAs":["https:\/\/www.facebook.com\/maisonecodistribution"]}]},"og_availability":"instock","product_availability":"instock","product_condition":"new"},"_links":{"self":[{"href":"https:\/\/maisonecodistribution.com\/eboutique\/wp-json\/wp\/v2\/product\/3347","targetHints":{"allow":["GET"]}}],"collection":[{"href":"https:\/\/maisonecodistribution.com\/eboutique\/wp-json\/wp\/v2\/product"}],"about":[{"href":"https:\/\/maisonecodistribution.com\/eboutique\/wp-json\/wp\/v2\/types\/product"}],"wp:featuredmedia":[{"embeddable":true,"href":"https:\/\/maisonecodistribution.com\/eboutique\/wp-json\/wp\/v2\/media\/3350"}],"wp:attachment":[{"href":"https:\/\/maisonecodistribution.com\/eboutique\/wp-json\/wp\/v2\/media?parent=3347"}],"wp:term":[{"taxonomy":"product_brand","embeddable":true,"href":"https:\/\/maisonecodistribution.com\/eboutique\/wp-json\/wp\/v2\/product_brand?post=3347"},{"taxonomy":"product_cat","embeddable":true,"href":"https:\/\/maisonecodistribution.com\/eboutique\/wp-json\/wp\/v2\/product_cat?post=3347"},{"taxonomy":"product_tag","embeddable":true,"href":"https:\/\/maisonecodistribution.com\/eboutique\/wp-json\/wp\/v2\/product_tag?post=3347"}],"curies":[{"name":"wp","href":"https:\/\/api.w.org\/{rel}","templated":true}]}}