{"id":1300,"date":"2020-06-04T15:04:14","date_gmt":"2020-06-04T13:04:14","guid":{"rendered":"https:\/\/maisonecodistribution.fr\/?post_type=product&#038;p=1300"},"modified":"2024-06-21T17:34:10","modified_gmt":"2024-06-21T15:34:10","slug":"soldalit","status":"publish","type":"product","link":"https:\/\/maisonecodistribution.com\/eboutique\/produit\/soldalit\/","title":{"rendered":"SOLDALIT"},"content":{"rendered":"<p>KEIM Soldalit est destin\u00e9e aux <strong>travaux neufs<\/strong> et \u00e0 la <strong>r\u00e9novation d\u2019enduits et de peintures<\/strong> organiques non \u00e9lastiques. Peut \u00e9galement \u00eatre appliqu\u00e9e <strong>sur tous supports min\u00e9raux<\/strong>. Elle s&rsquo;utilise sur supports non peints ou d\u00e9j\u00e0 rev\u00eatus, <strong>sans d\u00e9capage pr\u00e9alable<\/strong>.<\/p>\n<p>C&rsquo;est une peinture pr\u00eate \u00e0 l\u2019emploi qui s&rsquo;applique simplement, poss\u00e8de un <strong>fort pouvoir couvrant<\/strong>, s\u00e8che rapidement et de mani\u00e8re homog\u00e8ne. Le liant sol-silicate de KEIM Soldalit est absolument <strong>stable aux UV<\/strong>. M\u00eame les couleurs intenses ou fonc\u00e9es conservent leur aspect d\u2019origine et leur luminosit\u00e9 apr\u00e8s des d\u00e9cennies, sans <strong>aucun blanchiment, jaunissement ou alt\u00e9ration de la couleur<\/strong>.<\/p>\n<p>Protection du climat, sant\u00e9 de l\u2019habitat et durabilit\u00e9 : KEIM Soldalit a obtenu le label europ\u00e9en \u00ab natureplus\u00ae \u00bb qui identifie les meilleurs produits pour une construction durable.<\/p>\n<p>Disponible en <strong>blanc<\/strong> et dans toutes les<strong> teintes du nuancier KEIM Exclusiv<\/strong> (<u>teinte sur commande : <a href=\"https:\/\/maisonecodistribution.fr\/contact\/\" target=\"_blank\" rel=\"noopener noreferrer\">nous consulter<\/a><\/u>).<\/p>\n<p>L&rsquo;application peut se faire \u00e0 la brosse, au rouleau, ou par projection Airless.<\/p>\n<p><strong>Les + du produit : <\/strong><\/p>\n<ul>\n<li>Peinture comportant un nouveau type de liant min\u00e9ral \u00e0 base de silicate de potassium et de sol de silice, appel\u00e9 sol-silicate<\/li>\n<li>Tr\u00e8s grande facilit\u00e9 d\u2019application y compris sur anciens rev\u00eatements organiques<\/li>\n<li>Tr\u00e8s r\u00e9sistante aux intemp\u00e9ries<\/li>\n<li>Parfaitement r\u00e9sistante aux UV (pigments min\u00e9raux), et aux pluies acides, antistatique<\/li>\n<li>Non filmog\u00e8ne, ouverte \u00e0 la diffusion de vapeur d&rsquo;eau, microporeuse<\/li>\n<li>Propri\u00e9t\u00e9s algicides et fongicides naturelles gr\u00e2ce \u00e0 une perm\u00e9abilit\u00e9 \u00e0 la vapeur d\u2019eau exceptionnelle qui favorise l\u2019\u00e9vacuation de l\u2019humidit\u00e9 des ma\u00e7onneries<\/li>\n<li>Tr\u00e8s hydrophobe, offre une bonne protection aux eaux de pluie<\/li>\n<li>Ininflammable: Classe A2-s1-d0 selon NF EN 13501-1<\/li>\n<li>Aspect mat min\u00e9ral et tr\u00e8s grande luminosit\u00e9<\/li>\n<li>Sans solvant organique, ni plastifiant<\/li>\n<li>Alcaline et donc exempte d&rsquo;agents de conservation<\/li>\n<\/ul>\n<div class=\"page\" title=\"Page 1\">\n<div class=\"section\">\n<div class=\"layoutArea\">\n<div class=\"column\">\n<p>Consommation : environ 450 g\/m\u00b2 pour 2 couches.<\/p>\n<p>Conditionnement : Seaux plastiques de 5 kg et 18 kg<\/p>\n<div  class='tabcontainer av-w1a2s-421fcc50b6ad35202a86b6fd3e7b11b1 top_tab  avia-builder-el-0  avia-builder-el-no-sibling '>\n<section class='av_tab_section av_tab_section av-raeuc-3ca0ff038ff76ed26b9240b8bb3516e9'  itemscope=\"itemscope\" itemtype=\"https:\/\/schema.org\/CreativeWork\" ><div id='tab-id-1-tab' class='tab active_tab' role='tab' aria-selected=\"true\" tabindex=\"0\" data-fake-id='#tab-id-1' aria-controls='tab-id-1-content'  itemprop=\"headline\" ><span class='tab_icon avia-iconfont avia-font-entypo-fontello' data-av_icon='\ue84b' data-av_iconfont='entypo-fontello' ><\/span>Fiches Techniques<\/div><div id='tab-id-1-content' class='tab_content active_tab_content' role='tabpanel' aria-labelledby='tab-id-1-tab' aria-hidden=\"false\"><div class='tab_inner_content invers-color'  itemprop=\"text\" ><div  class='avia-button-wrap av-igylo-3cdb2da2628e16a42f9ebef5f6f72e2e-wrap avia-button-left  avia-builder-el-1  avia-builder-el-no-sibling '><a href='https:\/\/maisonecodistribution.com\/eboutique\/wp-content\/uploads\/2020\/06\/Fiche-Technique-KEIM-Soldalit_2019.pdf'  class='avia-button av-igylo-3cdb2da2628e16a42f9ebef5f6f72e2e av-link-btn avia-icon_select-yes-left-icon avia-size-small avia-position-left av-icon-on-hover avia-color-theme-color'  target=\"_blank\"  rel=\"noopener noreferrer\"  aria-label=\"T\u00e9l\u00e9charger la fiche technique (PDF)\"><span class='avia_button_icon avia_button_icon_left avia-iconfont avia-font-entypo-fontello' data-av_icon='\ue82d' data-av_iconfont='entypo-fontello' ><\/span><span class='avia_iconbox_title' >T\u00e9l\u00e9charger la fiche technique (PDF)<\/span><\/a><\/div>\n<\/div><\/div><\/section>\n<section class='av_tab_section av_tab_section av-f3tho-673245044c8cd2155e38098f98d96955'  itemscope=\"itemscope\" itemtype=\"https:\/\/schema.org\/CreativeWork\" ><div id='tab-id-2-tab' class='tab' role='tab' aria-selected=\"false\" tabindex=\"0\" data-fake-id='#tab-id-2' aria-controls='tab-id-2-content'  itemprop=\"headline\" ><span class='tab_icon avia-iconfont avia-font-entypo-fontello' data-av_icon='\ue81f' data-av_iconfont='entypo-fontello' ><\/span>\u00c0 propos de la marque<\/div><div id='tab-id-2-content' class='tab_content' role='tabpanel' aria-labelledby='tab-id-2-tab' aria-hidden=\"true\"><div class='tab_inner_content invers-color'  itemprop=\"text\" ><p><img loading=\"lazy\" decoding=\"async\" class=\"alignleft wp-image-1278 \" src=\"https:\/\/maisonecodistribution.fr\/wp-content\/uploads\/2020\/06\/keimfarben-logo-600x257-1-180x180.png\" alt=\"\" width=\"115\" height=\"115\" srcset=\"https:\/\/maisonecodistribution.com\/eboutique\/wp-content\/uploads\/2020\/06\/keimfarben-logo-600x257-1-180x180.png 180w, https:\/\/maisonecodistribution.com\/eboutique\/wp-content\/uploads\/2020\/06\/keimfarben-logo-600x257-1-80x80.png 80w, https:\/\/maisonecodistribution.com\/eboutique\/wp-content\/uploads\/2020\/06\/keimfarben-logo-600x257-1-36x36.png 36w, https:\/\/maisonecodistribution.com\/eboutique\/wp-content\/uploads\/2020\/06\/keimfarben-logo-600x257-1-100x100.png 100w\" sizes=\"auto, (max-width: 115px) 100vw, 115px\" \/>L&rsquo;<a href=\"https:\/\/www.keim.com\/fr-fr\/\" target=\"_blank\" rel=\"noopener noreferrer\">Entreprise KEIM<\/a> fa\u00e7onne depuis 1878 des peintures min\u00e9rales au silicate de potassium. C&rsquo;est aujourd&rsquo;hui un leader mondial dans le domaine des rev\u00eatements min\u00e9raux en proposant des solutions \u00e9prouv\u00e9es pour la protection des fa\u00e7ades et la d\u00e9coration int\u00e9rieure. Le secret des peintures min\u00e9rales KEIM r\u00e9side dans le principe de la silicification et l&rsquo;utilisation de pigments min\u00e9raux de qualit\u00e9. Les mati\u00e8res premi\u00e8res sont minutieusement s\u00e9lectionn\u00e9es, pour des peintures et des lasures extr\u00eamement durables, \u00e9cologiques et esth\u00e9tiques.<\/p>\n<\/div><\/div><\/section>\n<section class='av_tab_section av_tab_section av-a4nn8-51255d398f2397d9e0b34ca3e4c5aa18'  itemscope=\"itemscope\" itemtype=\"https:\/\/schema.org\/CreativeWork\" ><div id='tab-id-3-tab' class='tab' role='tab' aria-selected=\"false\" tabindex=\"0\" data-fake-id='#tab-id-3' aria-controls='tab-id-3-content'  itemprop=\"headline\" ><span class='tab_icon avia-iconfont avia-font-entypo-fontello' data-av_icon='\ue817' data-av_iconfont='entypo-fontello' ><\/span>Plus d\u2019informations <\/div><div id='tab-id-3-content' class='tab_content' role='tabpanel' aria-labelledby='tab-id-3-tab' aria-hidden=\"true\"><div class='tab_inner_content invers-color'  itemprop=\"text\" ><table width=\"567\">\n<tbody>\n<tr>\n<td width=\"283\"><strong>PRODUIT<\/strong><\/td>\n<td style=\"text-align: center;\" width=\"142\"><strong>Prix HT \/ unit\u00e9<\/strong><\/td>\n<td style=\"text-align: center;\" width=\"142\"><strong>Prix TTC \/ unit\u00e9<\/strong><\/td>\n<td style=\"text-align: center;\" width=\"142\"><strong>Consommation<\/strong><\/td>\n<\/tr>\n<tr>\n<td width=\"283\">SOLDALIT 5KG &#8211; (pastel)<\/td>\n<td style=\"text-align: center;\" width=\"142\">94,90 \u20ac<\/p>\n<div class=\"ng-isolate-scope\">\n<div class=\"ng-scope\"><\/div>\n<\/div>\n<\/td>\n<td style=\"text-align: center;\" width=\"142\">113,88 \u20ac<\/td>\n<td style=\"text-align: center;\" width=\"142\">0,225 kg\/m2<\/td>\n<\/tr>\n<tr>\n<td width=\"283\">INNOSTAR 18KG- (pastel)<\/td>\n<td style=\"text-align: center;\" width=\"142\">324,54 \u20ac<\/td>\n<td style=\"text-align: center;\" width=\"142\">389,45 \u20ac<\/td>\n<td style=\"text-align: center;\" width=\"142\">0,225 kg\/m2<\/td>\n<\/tr>\n<\/tbody>\n<\/table>\n<\/div><\/div><\/section>\n<\/div>\n<\/div>\n<\/div>\n<\/div>\n<\/div>\n","protected":false},"excerpt":{"rendered":"<p>Soldalit est une <strong>finition min\u00e9rale pr\u00eate \u00e0 l\u2019emploi<\/strong> \u00e0 base d\u2019un double liant sol-silicate (silicate de potassium\/sol de silice), pour la <strong>peinture des fa\u00e7ades<\/strong> brutes ou d\u00e9j\u00e0 peintes.<\/p>\n","protected":false},"featured_media":1304,"template":"","meta":[],"product_brand":[],"product_cat":[2589,18,39],"product_tag":[],"class_list":{"0":"post-1300","1":"product","2":"type-product","3":"status-publish","4":"has-post-thumbnail","6":"product_cat-keim","7":"product_cat-decoration-finition","8":"product_cat-peintures-et-pigments","10":"first","11":"outofstock","12":"taxable","13":"shipping-taxable","14":"purchasable","15":"product-type-variable"},"yoast_head":"<!-- This site is optimized with the Yoast SEO plugin v25.1 - https:\/\/yoast.com\/wordpress\/plugins\/seo\/ -->\n<title>SOLDALIT | Peinture \u00e9cologique | Maison \u00c9co Distribution<\/title>\n<meta name=\"description\" content=\"Soldalit est une finition min\u00e9rale pr\u00eate \u00e0 l\u2019emploi \u00e0 base d\u2019un double liant sol-silicate, pour la peinture des fa\u00e7ades brutes ou d\u00e9j\u00e0 peintes.\" \/>\n<meta name=\"robots\" content=\"index, follow, max-snippet:-1, max-image-preview:large, max-video-preview:-1\" \/>\n<link rel=\"canonical\" href=\"https:\/\/maisonecodistribution.com\/eboutique\/produit\/soldalit\/\" \/>\n<meta property=\"og:locale\" content=\"fr_FR\" \/>\n<meta property=\"og:type\" content=\"article\" \/>\n<meta property=\"og:title\" content=\"SOLDALIT | Peinture \u00e9cologique | Maison \u00c9co Distribution\" \/>\n<meta property=\"og:description\" content=\"Soldalit est une finition min\u00e9rale pr\u00eate \u00e0 l\u2019emploi \u00e0 base d\u2019un double liant sol-silicate, pour la peinture des fa\u00e7ades brutes ou d\u00e9j\u00e0 peintes.\" \/>\n<meta property=\"og:url\" content=\"https:\/\/maisonecodistribution.com\/eboutique\/produit\/soldalit\/\" \/>\n<meta property=\"og:site_name\" content=\"Maison \u00c9co Distribution\" \/>\n<meta property=\"article:publisher\" content=\"https:\/\/www.facebook.com\/maisonecodistribution\" \/>\n<meta property=\"article:modified_time\" content=\"2024-06-21T15:34:10+00:00\" \/>\n<meta property=\"og:image\" content=\"https:\/\/maisonecodistribution.com\/eboutique\/wp-content\/uploads\/2020\/06\/soldalit-maisoneco.jpg\" \/>\n\t<meta property=\"og:image:width\" content=\"500\" \/>\n\t<meta property=\"og:image:height\" content=\"500\" \/>\n\t<meta property=\"og:image:type\" content=\"image\/jpeg\" \/>\n<meta name=\"twitter:card\" content=\"summary_large_image\" \/>\n<meta name=\"twitter:label1\" content=\"Disponibilit\u00e9\" \/>\n\t<meta name=\"twitter:data1\" content=\"Rupture de stock\" \/>\n<script type=\"application\/ld+json\" class=\"yoast-schema-graph\">{\"@context\":\"https:\/\/schema.org\",\"@graph\":[{\"@type\":[\"WebPage\",\"ItemPage\"],\"@id\":\"https:\/\/maisonecodistribution.com\/eboutique\/produit\/soldalit\/\",\"url\":\"https:\/\/maisonecodistribution.com\/eboutique\/produit\/soldalit\/\",\"name\":\"SOLDALIT | Peinture \u00e9cologique | Maison \u00c9co Distribution\",\"isPartOf\":{\"@id\":\"https:\/\/maisonecodistribution.com\/eboutique\/#website\"},\"primaryImageOfPage\":{\"@id\":\"https:\/\/maisonecodistribution.com\/eboutique\/produit\/soldalit\/#primaryimage\"},\"image\":{\"@id\":\"https:\/\/maisonecodistribution.com\/eboutique\/produit\/soldalit\/#primaryimage\"},\"thumbnailUrl\":\"https:\/\/maisonecodistribution.com\/eboutique\/wp-content\/uploads\/2020\/06\/soldalit-maisoneco.jpg\",\"datePublished\":\"2020-06-04T13:04:14+00:00\",\"dateModified\":\"2024-06-21T15:34:10+00:00\",\"description\":\"Soldalit est une finition min\u00e9rale pr\u00eate \u00e0 l\u2019emploi \u00e0 base d\u2019un double liant sol-silicate, pour la peinture des fa\u00e7ades brutes ou d\u00e9j\u00e0 peintes.\",\"breadcrumb\":{\"@id\":\"https:\/\/maisonecodistribution.com\/eboutique\/produit\/soldalit\/#breadcrumb\"},\"inLanguage\":\"fr-FR\",\"potentialAction\":[{\"@type\":\"ReadAction\",\"target\":[\"https:\/\/maisonecodistribution.com\/eboutique\/produit\/soldalit\/\"]}]},{\"@type\":\"ImageObject\",\"inLanguage\":\"fr-FR\",\"@id\":\"https:\/\/maisonecodistribution.com\/eboutique\/produit\/soldalit\/#primaryimage\",\"url\":\"https:\/\/maisonecodistribution.com\/eboutique\/wp-content\/uploads\/2020\/06\/soldalit-maisoneco.jpg\",\"contentUrl\":\"https:\/\/maisonecodistribution.com\/eboutique\/wp-content\/uploads\/2020\/06\/soldalit-maisoneco.jpg\",\"width\":500,\"height\":500,\"caption\":\"peinture facade exterieur\"},{\"@type\":\"BreadcrumbList\",\"@id\":\"https:\/\/maisonecodistribution.com\/eboutique\/produit\/soldalit\/#breadcrumb\",\"itemListElement\":[{\"@type\":\"ListItem\",\"position\":1,\"name\":\"Home\",\"item\":\"https:\/\/maisonecodistribution.com\/eboutique\/\"},{\"@type\":\"ListItem\",\"position\":2,\"name\":\"CATALOGUE\",\"item\":\"https:\/\/maisonecodistribution.com\/eboutique\/catalogue\/\"},{\"@type\":\"ListItem\",\"position\":3,\"name\":\"SOLDALIT\"}]},{\"@type\":\"WebSite\",\"@id\":\"https:\/\/maisonecodistribution.com\/eboutique\/#website\",\"url\":\"https:\/\/maisonecodistribution.com\/eboutique\/\",\"name\":\"Maison \u00c9co Distribution\",\"description\":\"Tout pour un habitat sain\",\"publisher\":{\"@id\":\"https:\/\/maisonecodistribution.com\/eboutique\/#organization\"},\"potentialAction\":[{\"@type\":\"SearchAction\",\"target\":{\"@type\":\"EntryPoint\",\"urlTemplate\":\"https:\/\/maisonecodistribution.com\/eboutique\/?s={search_term_string}\"},\"query-input\":{\"@type\":\"PropertyValueSpecification\",\"valueRequired\":true,\"valueName\":\"search_term_string\"}}],\"inLanguage\":\"fr-FR\"},{\"@type\":\"Organization\",\"@id\":\"https:\/\/maisonecodistribution.com\/eboutique\/#organization\",\"name\":\"Maison \u00c9co Distribution\",\"url\":\"https:\/\/maisonecodistribution.com\/eboutique\/\",\"logo\":{\"@type\":\"ImageObject\",\"inLanguage\":\"fr-FR\",\"@id\":\"https:\/\/maisonecodistribution.com\/eboutique\/#\/schema\/logo\/image\/\",\"url\":\"https:\/\/maisonecodistribution.com\/eboutique\/wp-content\/uploads\/2024\/07\/logo-maison-eco-1.png\",\"contentUrl\":\"https:\/\/maisonecodistribution.com\/eboutique\/wp-content\/uploads\/2024\/07\/logo-maison-eco-1.png\",\"width\":300,\"height\":321,\"caption\":\"Maison \u00c9co Distribution\"},\"image\":{\"@id\":\"https:\/\/maisonecodistribution.com\/eboutique\/#\/schema\/logo\/image\/\"},\"sameAs\":[\"https:\/\/www.facebook.com\/maisonecodistribution\"]}]}<\/script>\n<meta property=\"og:availability\" content=\"out of stock\" \/>\n<meta property=\"product:availability\" content=\"out of stock\" \/>\n<meta property=\"product:condition\" content=\"new\" \/>\n<!-- \/ Yoast SEO plugin. -->","yoast_head_json":{"title":"SOLDALIT | Peinture \u00e9cologique | Maison \u00c9co Distribution","description":"Soldalit est une finition min\u00e9rale pr\u00eate \u00e0 l\u2019emploi \u00e0 base d\u2019un double liant sol-silicate, pour la peinture des fa\u00e7ades brutes ou d\u00e9j\u00e0 peintes.","robots":{"index":"index","follow":"follow","max-snippet":"max-snippet:-1","max-image-preview":"max-image-preview:large","max-video-preview":"max-video-preview:-1"},"canonical":"https:\/\/maisonecodistribution.com\/eboutique\/produit\/soldalit\/","og_locale":"fr_FR","og_type":"article","og_title":"SOLDALIT | Peinture \u00e9cologique | Maison \u00c9co Distribution","og_description":"Soldalit est une finition min\u00e9rale pr\u00eate \u00e0 l\u2019emploi \u00e0 base d\u2019un double liant sol-silicate, pour la peinture des fa\u00e7ades brutes ou d\u00e9j\u00e0 peintes.","og_url":"https:\/\/maisonecodistribution.com\/eboutique\/produit\/soldalit\/","og_site_name":"Maison \u00c9co Distribution","article_publisher":"https:\/\/www.facebook.com\/maisonecodistribution","article_modified_time":"2024-06-21T15:34:10+00:00","og_image":[{"width":500,"height":500,"url":"https:\/\/maisonecodistribution.com\/eboutique\/wp-content\/uploads\/2020\/06\/soldalit-maisoneco.jpg","type":"image\/jpeg"}],"twitter_card":"summary_large_image","twitter_misc":{"Disponibilit\u00e9":"Rupture de stock"},"schema":{"@context":"https:\/\/schema.org","@graph":[{"@type":["WebPage","ItemPage"],"@id":"https:\/\/maisonecodistribution.com\/eboutique\/produit\/soldalit\/","url":"https:\/\/maisonecodistribution.com\/eboutique\/produit\/soldalit\/","name":"SOLDALIT | Peinture \u00e9cologique | Maison \u00c9co Distribution","isPartOf":{"@id":"https:\/\/maisonecodistribution.com\/eboutique\/#website"},"primaryImageOfPage":{"@id":"https:\/\/maisonecodistribution.com\/eboutique\/produit\/soldalit\/#primaryimage"},"image":{"@id":"https:\/\/maisonecodistribution.com\/eboutique\/produit\/soldalit\/#primaryimage"},"thumbnailUrl":"https:\/\/maisonecodistribution.com\/eboutique\/wp-content\/uploads\/2020\/06\/soldalit-maisoneco.jpg","datePublished":"2020-06-04T13:04:14+00:00","dateModified":"2024-06-21T15:34:10+00:00","description":"Soldalit est une finition min\u00e9rale pr\u00eate \u00e0 l\u2019emploi \u00e0 base d\u2019un double liant sol-silicate, pour la peinture des fa\u00e7ades brutes ou d\u00e9j\u00e0 peintes.","breadcrumb":{"@id":"https:\/\/maisonecodistribution.com\/eboutique\/produit\/soldalit\/#breadcrumb"},"inLanguage":"fr-FR","potentialAction":[{"@type":"ReadAction","target":["https:\/\/maisonecodistribution.com\/eboutique\/produit\/soldalit\/"]}]},{"@type":"ImageObject","inLanguage":"fr-FR","@id":"https:\/\/maisonecodistribution.com\/eboutique\/produit\/soldalit\/#primaryimage","url":"https:\/\/maisonecodistribution.com\/eboutique\/wp-content\/uploads\/2020\/06\/soldalit-maisoneco.jpg","contentUrl":"https:\/\/maisonecodistribution.com\/eboutique\/wp-content\/uploads\/2020\/06\/soldalit-maisoneco.jpg","width":500,"height":500,"caption":"peinture facade exterieur"},{"@type":"BreadcrumbList","@id":"https:\/\/maisonecodistribution.com\/eboutique\/produit\/soldalit\/#breadcrumb","itemListElement":[{"@type":"ListItem","position":1,"name":"Home","item":"https:\/\/maisonecodistribution.com\/eboutique\/"},{"@type":"ListItem","position":2,"name":"CATALOGUE","item":"https:\/\/maisonecodistribution.com\/eboutique\/catalogue\/"},{"@type":"ListItem","position":3,"name":"SOLDALIT"}]},{"@type":"WebSite","@id":"https:\/\/maisonecodistribution.com\/eboutique\/#website","url":"https:\/\/maisonecodistribution.com\/eboutique\/","name":"Maison \u00c9co Distribution","description":"Tout pour un habitat sain","publisher":{"@id":"https:\/\/maisonecodistribution.com\/eboutique\/#organization"},"potentialAction":[{"@type":"SearchAction","target":{"@type":"EntryPoint","urlTemplate":"https:\/\/maisonecodistribution.com\/eboutique\/?s={search_term_string}"},"query-input":{"@type":"PropertyValueSpecification","valueRequired":true,"valueName":"search_term_string"}}],"inLanguage":"fr-FR"},{"@type":"Organization","@id":"https:\/\/maisonecodistribution.com\/eboutique\/#organization","name":"Maison \u00c9co Distribution","url":"https:\/\/maisonecodistribution.com\/eboutique\/","logo":{"@type":"ImageObject","inLanguage":"fr-FR","@id":"https:\/\/maisonecodistribution.com\/eboutique\/#\/schema\/logo\/image\/","url":"https:\/\/maisonecodistribution.com\/eboutique\/wp-content\/uploads\/2024\/07\/logo-maison-eco-1.png","contentUrl":"https:\/\/maisonecodistribution.com\/eboutique\/wp-content\/uploads\/2024\/07\/logo-maison-eco-1.png","width":300,"height":321,"caption":"Maison \u00c9co Distribution"},"image":{"@id":"https:\/\/maisonecodistribution.com\/eboutique\/#\/schema\/logo\/image\/"},"sameAs":["https:\/\/www.facebook.com\/maisonecodistribution"]}]},"og_availability":"out of stock","product_availability":"out of stock","product_condition":"new"},"_links":{"self":[{"href":"https:\/\/maisonecodistribution.com\/eboutique\/wp-json\/wp\/v2\/product\/1300","targetHints":{"allow":["GET"]}}],"collection":[{"href":"https:\/\/maisonecodistribution.com\/eboutique\/wp-json\/wp\/v2\/product"}],"about":[{"href":"https:\/\/maisonecodistribution.com\/eboutique\/wp-json\/wp\/v2\/types\/product"}],"wp:featuredmedia":[{"embeddable":true,"href":"https:\/\/maisonecodistribution.com\/eboutique\/wp-json\/wp\/v2\/media\/1304"}],"wp:attachment":[{"href":"https:\/\/maisonecodistribution.com\/eboutique\/wp-json\/wp\/v2\/media?parent=1300"}],"wp:term":[{"taxonomy":"product_brand","embeddable":true,"href":"https:\/\/maisonecodistribution.com\/eboutique\/wp-json\/wp\/v2\/product_brand?post=1300"},{"taxonomy":"product_cat","embeddable":true,"href":"https:\/\/maisonecodistribution.com\/eboutique\/wp-json\/wp\/v2\/product_cat?post=1300"},{"taxonomy":"product_tag","embeddable":true,"href":"https:\/\/maisonecodistribution.com\/eboutique\/wp-json\/wp\/v2\/product_tag?post=1300"}],"curies":[{"name":"wp","href":"https:\/\/api.w.org\/{rel}","templated":true}]}}