{"id":171,"date":"2020-03-23T13:15:42","date_gmt":"2020-03-23T12:15:42","guid":{"rendered":"https:\/\/maisonecodistribution.fr\/?page_id=171"},"modified":"2023-04-25T11:09:23","modified_gmt":"2023-04-25T09:09:23","slug":"contact","status":"publish","type":"page","link":"https:\/\/maisonecodistribution.com\/eboutique\/contact\/","title":{"rendered":"CONTACT"},"content":{"rendered":"\n<style type=\"text\/css\" data-created_by=\"avia_inline_auto\" id=\"style-css-av-k84hrzho-25e25b062bd18d8bb07568f40a118f52\">\n.avia-section.av-k84hrzho-25e25b062bd18d8bb07568f40a118f52{\nbackground-repeat:no-repeat;\nbackground-image:url(https:\/\/maisonecodistribution.com\/eboutique\/wp-content\/uploads\/2020\/05\/Bois.jpg);\nbackground-position:50% 50%;\nbackground-attachment:scroll;\n}\n<\/style>\n<div id='av_section_1'  class='avia-section av-k84hrzho-25e25b062bd18d8bb07568f40a118f52 main_color avia-section-default avia-no-border-styling  avia-builder-el-0  el_before_av_one_half  avia-builder-el-first  avia-full-stretch avia-bg-style-scroll av-minimum-height av-minimum-height-38 av-height-percent  container_wrap sidebar_right'  data-section-bg-repeat='stretch' data-av_minimum_height_pc='38' data-av_min_height_opt='percent'><div class='container av-section-cont-open' ><main  role=\"main\" itemprop=\"mainContentOfPage\"  class='template-page content  av-content-small alpha units'><div class='post-entry post-entry-type-page post-entry-171'><div class='entry-content-wrapper clearfix'><\/div><\/div><\/main><!-- close content main element --><\/div><\/div><div id='after_section_1'  class='main_color av_default_container_wrap container_wrap sidebar_right'  ><div class='container av-section-cont-open' ><div class='template-page content  av-content-small alpha units'><div class='post-entry post-entry-type-page post-entry-171'><div class='entry-content-wrapper clearfix'>\n<div class='flex_column_table av-1et4wb-38f99aab5a3aaba4b9548a2275f280f3 sc-av_one_half av-equal-height-column-flextable shadow-not-animated'>\n<style type=\"text\/css\" data-created_by=\"avia_inline_auto\" id=\"style-css-av-1et4wb-38f99aab5a3aaba4b9548a2275f280f3\">\n@keyframes av_boxShadowEffect_av-1et4wb-38f99aab5a3aaba4b9548a2275f280f3-row {\n0%   { box-shadow:  0 0 0 0 #d6d6d6; opacity: 1; }\n100% { box-shadow:  0 0 10px 0 #d6d6d6; opacity: 1; }\n}\n#top .flex_column_table.av-equal-height-column-flextable.av-1et4wb-38f99aab5a3aaba4b9548a2275f280f3{\nmargin-top:-200px;\nmargin-bottom:0px;\n}\n.flex_column_table.av-equal-height-column-flextable.av-1et4wb-38f99aab5a3aaba4b9548a2275f280f3{\nbox-shadow: 0 0 10px 0 #d6d6d6;\n}\n.flex_column.av-1et4wb-38f99aab5a3aaba4b9548a2275f280f3{\nborder-radius:5px 0px 0px 5px;\npadding:30px 30px 30px 30px;\nbackground-color:#ffffff;\n}\n<\/style>\n<div  class='flex_column av-1et4wb-38f99aab5a3aaba4b9548a2275f280f3 av_one_half  avia-builder-el-1  el_after_av_section  el_before_av_one_half  avia-builder-el-first  first no_margin flex_column_table_cell av-equal-height-column av-align-middle  '     ><style type=\"text\/css\" data-created_by=\"avia_inline_auto\" id=\"style-css-av-auvw3-85b2e676cdd68fd1a336866848cd5308\">\n#top .av-special-heading.av-auvw3-85b2e676cdd68fd1a336866848cd5308{\npadding-bottom:10px;\nfont-size:50px;\n}\nbody .av-special-heading.av-auvw3-85b2e676cdd68fd1a336866848cd5308 .av-special-heading-tag .heading-char{\nfont-size:25px;\n}\n#top #wrap_all .av-special-heading.av-auvw3-85b2e676cdd68fd1a336866848cd5308 .av-special-heading-tag{\nfont-size:50px;\n}\n.av-special-heading.av-auvw3-85b2e676cdd68fd1a336866848cd5308 .av-subheading{\nfont-size:15px;\n}\n\n@media only screen and (min-width: 480px) and (max-width: 767px){ \n#top #wrap_all .av-special-heading.av-auvw3-85b2e676cdd68fd1a336866848cd5308 .av-special-heading-tag{\nfont-size:0.8em;\n}\n}\n\n@media only screen and (max-width: 479px){ \n#top #wrap_all .av-special-heading.av-auvw3-85b2e676cdd68fd1a336866848cd5308 .av-special-heading-tag{\nfont-size:0.8em;\n}\n}\n<\/style>\n<div  class='av-special-heading av-auvw3-85b2e676cdd68fd1a336866848cd5308 av-special-heading-h2 blockquote modern-quote  avia-builder-el-2  avia-builder-el-no-sibling  av-inherit-size'><div class='av-subheading av-subheading_above'><p>CONTACT<\/p>\n<\/div><h2 class='av-special-heading-tag '  itemprop=\"headline\"  >Nous sommes l\u00e0 pour r\u00e9pondre \u00e0 vos questions.<\/h2><div class=\"special-heading-border\"><div class=\"special-heading-inner-border\"><\/div><\/div><\/div><\/div>\n\n<style type=\"text\/css\" data-created_by=\"avia_inline_auto\" id=\"style-css-av-1et4wb-8876889375c61329714f55c17a341b88\">\n@keyframes av_boxShadowEffect_av-1et4wb-8876889375c61329714f55c17a341b88-row {\n0%   { box-shadow:  0 0 0 0 #d6d6d6; opacity: 1; }\n100% { box-shadow:  0 0 10px 0 #d6d6d6; opacity: 1; }\n}\n#top .flex_column_table.av-equal-height-column-flextable.av-1et4wb-8876889375c61329714f55c17a341b88{\nmargin-top:-200px;\nmargin-bottom:0px;\n}\n.flex_column_table.av-equal-height-column-flextable.av-1et4wb-8876889375c61329714f55c17a341b88{\nbox-shadow: 0 0 10px 0 #d6d6d6;\n}\n.flex_column.av-1et4wb-8876889375c61329714f55c17a341b88{\nborder-radius:0px 5px 5px 0px;\npadding:30px 30px 30px 30px;\nbackground-color:#ffffff;\n}\n<\/style>\n<div  class='flex_column av-1et4wb-8876889375c61329714f55c17a341b88 av_one_half  avia-builder-el-3  el_after_av_one_half  el_before_av_hr  no_margin flex_column_table_cell av-equal-height-column av-align-middle  '     ><style type=\"text\/css\" data-created_by=\"avia_inline_auto\" id=\"style-css-av-k84fcadh-226e5b45a30ee83de33ac174e72b4af7\">\n#top .av_textblock_section.av-k84fcadh-226e5b45a30ee83de33ac174e72b4af7 .avia_textblock{\nfont-size:17px;\n}\n<\/style>\n<section  class='av_textblock_section av-k84fcadh-226e5b45a30ee83de33ac174e72b4af7 '   itemscope=\"itemscope\" itemtype=\"https:\/\/schema.org\/CreativeWork\" ><div class='avia_textblock'  itemprop=\"text\" ><p><em>Fixe :<\/em> <span style=\"color: #4fa463;\">04.66.77.68.81 <\/span><\/p>\n<p>PAE des Batailles,<br \/>\nAvenue Bl\u00e9riot XI<br \/>\n30170 SAINT-HIPPOLYTE-DU-FORT<\/p>\n<p><strong>Nous parlons anglais \/ We speak english<\/strong> \ud83c\uddec\ud83c\udde7<\/p>\n<\/div><\/section><\/div><\/div><!--close column table wrapper. Autoclose: 1 -->\n\n<style type=\"text\/css\" data-created_by=\"avia_inline_auto\" id=\"style-css-av-k84i18jy-7a588d254089f0e340cf653e5d34e506\">\n#top .hr.hr-invisible.av-k84i18jy-7a588d254089f0e340cf653e5d34e506{\nheight:50px;\n}\n<\/style>\n<div  class='hr av-k84i18jy-7a588d254089f0e340cf653e5d34e506 hr-invisible  avia-builder-el-5  el_after_av_one_half  el_before_av_one_half '><span class='hr-inner '><span class=\"hr-inner-style\"><\/span><\/span><\/div>\n\n<style type=\"text\/css\" data-created_by=\"avia_inline_auto\" id=\"style-css-av-6qxi3-d81c29329c9c8ca0ff2e00320d0baafd\">\n.flex_column.av-6qxi3-d81c29329c9c8ca0ff2e00320d0baafd{\nborder-radius:0px 0px 0px 0px;\npadding:0px 0px 0px 0px;\n}\n<\/style>\n<div  class='flex_column av-6qxi3-d81c29329c9c8ca0ff2e00320d0baafd av_one_half  avia-builder-el-6  el_after_av_hr  el_before_av_one_half  first flex_column_div av-zero-column-padding  '     ><p><article  class='iconbox iconbox_top av-ka3nd4ii-d81eaa7a274e0b2c5fb17f9c9a02bd22  avia-builder-el-7  el_before_av_textblock  avia-builder-el-first  main_color'  itemscope=\"itemscope\" itemtype=\"https:\/\/schema.org\/CreativeWork\" ><div class=\"iconbox_content\"><header class=\"entry-content-header\" aria-label=\"Ic\u00f4ne : HORAIRES\"><div class='iconbox_icon heading-color avia-iconfont avia-font-entypo-fontello' data-av_icon='\ue862' data-av_iconfont='entypo-fontello'  ><\/div><h2 class='iconbox_content_title '  itemprop=\"headline\" >HORAIRES<\/h2><\/header><div class='iconbox_content_container '  itemprop=\"text\" ><p>Lundi\u00a0: 8h-12h \/ 14h-18h<\/p>\n<p>Mardi : 8h-12h \/ 14h-18h<\/p>\n<p>Mercredi : 8h-12h \/ 14h-18h<\/p>\n<p>Jeudi : 8h-12h \/ 14h-18h<\/p>\n<p>Vendredi\u00a0: 8h-12h \/ 14h-18h<\/p>\n<p>Samedi : 9h \u2013 12h (ferm\u00e9 en juillet &#8211; ao\u00fbt)<\/p>\n<\/div><\/div><footer class=\"entry-footer\"><\/footer><\/article><br \/>\n<section  class='av_textblock_section av-ka3xfaaz-3ab5d0ae46972fb7f79a75b9ec9f87aa '   itemscope=\"itemscope\" itemtype=\"https:\/\/schema.org\/CreativeWork\" ><div class='avia_textblock'  itemprop=\"text\" ><p style=\"text-align: center;\"><iframe loading=\"lazy\" style=\"border: 0;\" tabindex=\"0\" src=\"https:\/\/www.google.com\/maps\/embed?pb=!1m14!1m8!1m3!1d5744.616653514939!2d3.8710222010498048!3d43.95298646240775!3m2!1i1024!2i768!4f13.1!3m3!1m2!1s0x12b40dd867d50377%3A0x2b9b78d0d45525aa!2sMaison%20%C3%89co%20Distribution!5e0!3m2!1sfr!2sfr!4v1589288449789!5m2!1sfr!2sfr\" width=\"500\" height=\"500\" frameborder=\"0\" allowfullscreen=\"allowfullscreen\" aria-hidden=\"false\"><\/iframe><\/p>\n<\/div><\/section><br \/>\n<article  class='iconbox iconbox_left av-kpe5v5ee-2fbbc2066eb8789e1d8cffe33878f5c1  avia-builder-el-9  el_after_av_textblock  avia-builder-el-last '  itemscope=\"itemscope\" itemtype=\"https:\/\/schema.org\/CreativeWork\" ><div class=\"iconbox_content\"><header class=\"entry-content-header\" aria-label=\"Ic\u00f4ne : Zone de livraison\"><div class='iconbox_icon heading-color avia-iconfont avia-font-entypo-fontello' data-av_icon='\ue81f' data-av_iconfont='entypo-fontello'  ><\/div><h3 class='iconbox_content_title '  itemprop=\"headline\" >Zone de livraison<\/h3><\/header><div class='iconbox_content_container '  itemprop=\"text\" ><p>Notre zone de livraison couvre tout le d\u00e9partement du Gard et les d\u00e9partements limitrophes (H\u00e9rault, Loz\u00e8re, Ard\u00e8che). Pour toute autre demande en dehors de notre aire de chalandise, merci de le pr\u00e9ciser afin que nous puissions \u00e9tudier la faisabilit\u00e9 de votre projet.<\/p>\n<\/div><\/div><footer class=\"entry-footer\"><\/footer><\/article><\/p><\/div>\n<style type=\"text\/css\" data-created_by=\"avia_inline_auto\" id=\"style-css-av-1et4wb-6fd7d63ee24a3b001406fc4d8bec1503\">\n@keyframes av_boxShadowEffect_av-1et4wb-6fd7d63ee24a3b001406fc4d8bec1503-row {\n0%   { box-shadow:  0 0 0 0 #d6d6d6; opacity: 1; }\n100% { box-shadow:  0 0 10px 0 #d6d6d6; opacity: 1; }\n}\n@keyframes av_boxShadowEffect_av-1et4wb-6fd7d63ee24a3b001406fc4d8bec1503-column {\n0%   { box-shadow:  0 0 0 0 #d6d6d6; opacity: 1; }\n100% { box-shadow:  0 0 10px 0 #d6d6d6; opacity: 1; }\n}\n.flex_column_table.av-equal-height-column-flextable.av-1et4wb-6fd7d63ee24a3b001406fc4d8bec1503{\nbox-shadow: 0 0 10px 0 #d6d6d6;\n}\n.flex_column.av-1et4wb-6fd7d63ee24a3b001406fc4d8bec1503{\nbox-shadow: 0 0 10px 0 #d6d6d6;\nborder-radius:5px 5px 5px 5px;\npadding:30px 30px 30px 30px;\nbackground-color:#ffffff;\n}\n<\/style>\n<div  class='flex_column av-1et4wb-6fd7d63ee24a3b001406fc4d8bec1503 av_one_half  avia-builder-el-10  el_after_av_one_half  avia-builder-el-last  flex_column_div shadow-not-animated  '     ><p><section  class='av_textblock_section av-l446pji4-5854217f55fe383dc717696256ab07fe '   itemscope=\"itemscope\" itemtype=\"https:\/\/schema.org\/CreativeWork\" ><div class='avia_textblock'  itemprop=\"text\" ><p>N&rsquo;h\u00e9sitez pas \u00e0 nous contacter. Si votre demande concerne une solution de chauffage (Po\u00eale \u00e0 bois, po\u00eale \u00e0 granul\u00e9s, po\u00eale mixte, po\u00eale de masse, chaudi\u00e8re \u00e0 granul\u00e9s et solaire thermique), merci de vous diriger sur le formulaire de contact du site de <a href=\"https:\/\/maisonecorenovation.com\/contact\/\">Maison Eco R\u00e9novation<\/a>.<\/p>\n<\/div><\/section><br \/>\n<form action=\"https:\/\/maisonecodistribution.com\/eboutique\/contact\/\" method=\"post\" data-fields-with-error=\"Erreurs trouv\u00e9es dans les champs suivants :\" class=\"avia_ajax_form av-form-labels-visible   avia-builder-el-12  el_after_av_textblock  avia-builder-el-last   \" data-avia-form-id=\"1\" data-avia-redirect='' ><h3 class=''>Envoyez-nous un mail<\/h3><fieldset><p class='  first_form  form_element form_element_half' id='element_avia_1_1'><label for=\"avia_1_1\">Nom <abbr class=\"required\" title=\"requis(e)\">*<\/abbr><\/label> <input name=\"avia_1_1\" class=\"text_input is_empty\" type=\"text\" id=\"avia_1_1\" value=\"\" \/><\/p><p class='  form_element form_element_half' id='element_avia_2_1'><label for=\"avia_2_1\">Pr\u00e9nom <abbr class=\"required\" title=\"requis(e)\">*<\/abbr><\/label> <input name=\"avia_2_1\" class=\"text_input is_empty\" type=\"text\" id=\"avia_2_1\" value=\"\" \/><\/p><p class='  first_form  form_element form_element_half' id='element_avia_3_1'><label for=\"avia_3_1\">Email <abbr class=\"required\" title=\"requis(e)\">*<\/abbr><\/label> <input name=\"avia_3_1\" class=\"text_input is_ext_email\" type=\"text\" id=\"avia_3_1\" value=\"\" \/><\/p><p class='  form_element form_element_half' id='element_avia_4_1'><label for=\"avia_4_1\">T\u00e9l\u00e9phone <abbr class=\"required\" title=\"requis(e)\">*<\/abbr><\/label> <input name=\"avia_4_1\" class=\"text_input is_phone\" type=\"text\" id=\"avia_4_1\" value=\"\" \/><\/p><p class='  first_form  form_element form_fullwidth' id='element_avia_5_1'><label for=\"avia_5_1\">Adresse <abbr class=\"required\" title=\"requis(e)\">*<\/abbr><\/label> <input name=\"avia_5_1\" class=\"text_input is_empty\" type=\"text\" id=\"avia_5_1\" value=\"\" \/><\/p><p class='  first_form  form_element form_fullwidth' id='element_avia_6_1'><label for=\"avia_6_1\">Vous \u00eates ? <abbr class=\"required\" title=\"requis(e)\">*<\/abbr><\/label><select  name=\"avia_6_1\" class=\"select is_empty\" id=\"avia_6_1\"><option   value='Particulier'>Particulier<\/option><option   value='Professionnel'>Professionnel<\/option><\/select><\/p><p class='  first_form  form_element form_fullwidth' id='element_avia_7_1'><label for=\"avia_7_1\" class=\"textare_label hidden textare_label_avia_7_1\"> Message<\/label><textarea  name=\"avia_7_1\" class=\"text_area \" cols=\"40\" rows=\"7\" id=\"avia_7_1\" ><\/textarea><\/p><p class=\"hidden\"><input type=\"text\" name=\"avia_8_1\" class=\"hidden \" id=\"avia_8_1\" value=\"\" \/><\/p><p class='   form_element form_fullwidth av-last-visible-form-element' id='element_avia_9_1'><span class='value_verifier_label'>0 + 8 = ?<\/span><input name=\"avia_9_1_verifier\" type=\"hidden\" id=\"avia_9_1_verifier\" value=\"748554118\"\/><label for=\"avia_9_1\">Merci de prouver que vous \u00eates un humain en donnant le r\u00e9sultat de cette op\u00e9ration <abbr class=\"required\" title=\"requis(e)\">*<\/abbr><\/label><input name=\"avia_9_1\" class=\"text_input captcha\" type=\"text\" id=\"avia_9_1\" value=\"\"\/><\/p><p class=' av_form_privacy_check av_contact_privacy_check first_form  form_element form_fullwidth' id='element_avia_10_1'><input  name=\"avia_10_1\" class=\"input_checkbox is_empty\" type=\"checkbox\" id=\"avia_10_1\" value=\"true\"\/><label class=\"input_checkbox_label\" for=\"avia_10_1\">J\u2019accepte les conditions g\u00e9n\u00e9rales expos\u00e9es dans les <a href='https:\/\/maisonecodistribution.com\/eboutique\/politique-de-confidentialite\/' target='_blank'>mentions l\u00e9gales<\/a> <abbr class=\"required\" title=\"requis(e)\">*<\/abbr><\/label><\/p><p class=\"form_element \"><input type=\"hidden\" value=\"1\" name=\"avia_generated_form1\" \/><input type=\"submit\" value=\"Valider\" class=\"button\"  data-sending-label=\"Envoi\"\/><\/p><\/fieldset><\/form><div id=\"ajaxresponse_1\" class=\"ajaxresponse ajaxresponse_1 hidden\"><\/div><\/p><\/div><\/p>","protected":false},"excerpt":{"rendered":"","protected":false},"author":2,"featured_media":0,"parent":0,"menu_order":0,"comment_status":"closed","ping_status":"closed","template":"","meta":{"footnotes":""},"class_list":["post-171","page","type-page","status-publish","hentry"],"yoast_head":"<!-- This site is optimized with the Yoast SEO plugin v25.1 - https:\/\/yoast.com\/wordpress\/plugins\/seo\/ -->\n<title>CONTACT | Maison \u00c9co Distribution<\/title>\n<meta name=\"robots\" content=\"index, follow, max-snippet:-1, max-image-preview:large, max-video-preview:-1\" \/>\n<link rel=\"canonical\" href=\"https:\/\/maisonecodistribution.com\/eboutique\/contact\/\" \/>\n<meta property=\"og:locale\" content=\"fr_FR\" \/>\n<meta property=\"og:type\" content=\"article\" \/>\n<meta property=\"og:title\" content=\"CONTACT | Maison \u00c9co Distribution\" \/>\n<meta property=\"og:url\" content=\"https:\/\/maisonecodistribution.com\/eboutique\/contact\/\" \/>\n<meta property=\"og:site_name\" content=\"Maison \u00c9co Distribution\" \/>\n<meta property=\"article:publisher\" content=\"https:\/\/www.facebook.com\/maisonecodistribution\" \/>\n<meta property=\"article:modified_time\" content=\"2023-04-25T09:09:23+00:00\" \/>\n<meta name=\"twitter:card\" content=\"summary_large_image\" \/>\n<meta name=\"twitter:label1\" content=\"Dur\u00e9e de lecture estim\u00e9e\" \/>\n\t<meta name=\"twitter:data1\" content=\"4 minutes\" \/>\n<script type=\"application\/ld+json\" class=\"yoast-schema-graph\">{\"@context\":\"https:\/\/schema.org\",\"@graph\":[{\"@type\":\"WebPage\",\"@id\":\"https:\/\/maisonecodistribution.com\/eboutique\/contact\/\",\"url\":\"https:\/\/maisonecodistribution.com\/eboutique\/contact\/\",\"name\":\"CONTACT | Maison \u00c9co Distribution\",\"isPartOf\":{\"@id\":\"https:\/\/maisonecodistribution.com\/eboutique\/#website\"},\"datePublished\":\"2020-03-23T12:15:42+00:00\",\"dateModified\":\"2023-04-25T09:09:23+00:00\",\"breadcrumb\":{\"@id\":\"https:\/\/maisonecodistribution.com\/eboutique\/contact\/#breadcrumb\"},\"inLanguage\":\"fr-FR\",\"potentialAction\":[{\"@type\":\"ReadAction\",\"target\":[\"https:\/\/maisonecodistribution.com\/eboutique\/contact\/\"]}]},{\"@type\":\"BreadcrumbList\",\"@id\":\"https:\/\/maisonecodistribution.com\/eboutique\/contact\/#breadcrumb\",\"itemListElement\":[{\"@type\":\"ListItem\",\"position\":1,\"name\":\"Home\",\"item\":\"https:\/\/maisonecodistribution.com\/eboutique\/\"},{\"@type\":\"ListItem\",\"position\":2,\"name\":\"CONTACT\"}]},{\"@type\":\"WebSite\",\"@id\":\"https:\/\/maisonecodistribution.com\/eboutique\/#website\",\"url\":\"https:\/\/maisonecodistribution.com\/eboutique\/\",\"name\":\"Maison \u00c9co Distribution\",\"description\":\"Tout pour un habitat sain\",\"publisher\":{\"@id\":\"https:\/\/maisonecodistribution.com\/eboutique\/#organization\"},\"potentialAction\":[{\"@type\":\"SearchAction\",\"target\":{\"@type\":\"EntryPoint\",\"urlTemplate\":\"https:\/\/maisonecodistribution.com\/eboutique\/?s={search_term_string}\"},\"query-input\":{\"@type\":\"PropertyValueSpecification\",\"valueRequired\":true,\"valueName\":\"search_term_string\"}}],\"inLanguage\":\"fr-FR\"},{\"@type\":\"Organization\",\"@id\":\"https:\/\/maisonecodistribution.com\/eboutique\/#organization\",\"name\":\"Maison \u00c9co Distribution\",\"url\":\"https:\/\/maisonecodistribution.com\/eboutique\/\",\"logo\":{\"@type\":\"ImageObject\",\"inLanguage\":\"fr-FR\",\"@id\":\"https:\/\/maisonecodistribution.com\/eboutique\/#\/schema\/logo\/image\/\",\"url\":\"https:\/\/maisonecodistribution.com\/eboutique\/wp-content\/uploads\/2024\/07\/logo-maison-eco-1.png\",\"contentUrl\":\"https:\/\/maisonecodistribution.com\/eboutique\/wp-content\/uploads\/2024\/07\/logo-maison-eco-1.png\",\"width\":300,\"height\":321,\"caption\":\"Maison \u00c9co Distribution\"},\"image\":{\"@id\":\"https:\/\/maisonecodistribution.com\/eboutique\/#\/schema\/logo\/image\/\"},\"sameAs\":[\"https:\/\/www.facebook.com\/maisonecodistribution\"]}]}<\/script>\n<!-- \/ Yoast SEO plugin. -->","yoast_head_json":{"title":"CONTACT | Maison \u00c9co Distribution","robots":{"index":"index","follow":"follow","max-snippet":"max-snippet:-1","max-image-preview":"max-image-preview:large","max-video-preview":"max-video-preview:-1"},"canonical":"https:\/\/maisonecodistribution.com\/eboutique\/contact\/","og_locale":"fr_FR","og_type":"article","og_title":"CONTACT | Maison \u00c9co Distribution","og_url":"https:\/\/maisonecodistribution.com\/eboutique\/contact\/","og_site_name":"Maison \u00c9co Distribution","article_publisher":"https:\/\/www.facebook.com\/maisonecodistribution","article_modified_time":"2023-04-25T09:09:23+00:00","twitter_card":"summary_large_image","twitter_misc":{"Dur\u00e9e de lecture estim\u00e9e":"4 minutes"},"schema":{"@context":"https:\/\/schema.org","@graph":[{"@type":"WebPage","@id":"https:\/\/maisonecodistribution.com\/eboutique\/contact\/","url":"https:\/\/maisonecodistribution.com\/eboutique\/contact\/","name":"CONTACT | Maison \u00c9co Distribution","isPartOf":{"@id":"https:\/\/maisonecodistribution.com\/eboutique\/#website"},"datePublished":"2020-03-23T12:15:42+00:00","dateModified":"2023-04-25T09:09:23+00:00","breadcrumb":{"@id":"https:\/\/maisonecodistribution.com\/eboutique\/contact\/#breadcrumb"},"inLanguage":"fr-FR","potentialAction":[{"@type":"ReadAction","target":["https:\/\/maisonecodistribution.com\/eboutique\/contact\/"]}]},{"@type":"BreadcrumbList","@id":"https:\/\/maisonecodistribution.com\/eboutique\/contact\/#breadcrumb","itemListElement":[{"@type":"ListItem","position":1,"name":"Home","item":"https:\/\/maisonecodistribution.com\/eboutique\/"},{"@type":"ListItem","position":2,"name":"CONTACT"}]},{"@type":"WebSite","@id":"https:\/\/maisonecodistribution.com\/eboutique\/#website","url":"https:\/\/maisonecodistribution.com\/eboutique\/","name":"Maison \u00c9co Distribution","description":"Tout pour un habitat sain","publisher":{"@id":"https:\/\/maisonecodistribution.com\/eboutique\/#organization"},"potentialAction":[{"@type":"SearchAction","target":{"@type":"EntryPoint","urlTemplate":"https:\/\/maisonecodistribution.com\/eboutique\/?s={search_term_string}"},"query-input":{"@type":"PropertyValueSpecification","valueRequired":true,"valueName":"search_term_string"}}],"inLanguage":"fr-FR"},{"@type":"Organization","@id":"https:\/\/maisonecodistribution.com\/eboutique\/#organization","name":"Maison \u00c9co Distribution","url":"https:\/\/maisonecodistribution.com\/eboutique\/","logo":{"@type":"ImageObject","inLanguage":"fr-FR","@id":"https:\/\/maisonecodistribution.com\/eboutique\/#\/schema\/logo\/image\/","url":"https:\/\/maisonecodistribution.com\/eboutique\/wp-content\/uploads\/2024\/07\/logo-maison-eco-1.png","contentUrl":"https:\/\/maisonecodistribution.com\/eboutique\/wp-content\/uploads\/2024\/07\/logo-maison-eco-1.png","width":300,"height":321,"caption":"Maison \u00c9co Distribution"},"image":{"@id":"https:\/\/maisonecodistribution.com\/eboutique\/#\/schema\/logo\/image\/"},"sameAs":["https:\/\/www.facebook.com\/maisonecodistribution"]}]}},"_links":{"self":[{"href":"https:\/\/maisonecodistribution.com\/eboutique\/wp-json\/wp\/v2\/pages\/171","targetHints":{"allow":["GET"]}}],"collection":[{"href":"https:\/\/maisonecodistribution.com\/eboutique\/wp-json\/wp\/v2\/pages"}],"about":[{"href":"https:\/\/maisonecodistribution.com\/eboutique\/wp-json\/wp\/v2\/types\/page"}],"author":[{"embeddable":true,"href":"https:\/\/maisonecodistribution.com\/eboutique\/wp-json\/wp\/v2\/users\/2"}],"replies":[{"embeddable":true,"href":"https:\/\/maisonecodistribution.com\/eboutique\/wp-json\/wp\/v2\/comments?post=171"}],"version-history":[{"count":64,"href":"https:\/\/maisonecodistribution.com\/eboutique\/wp-json\/wp\/v2\/pages\/171\/revisions"}],"predecessor-version":[{"id":3764,"href":"https:\/\/maisonecodistribution.com\/eboutique\/wp-json\/wp\/v2\/pages\/171\/revisions\/3764"}],"wp:attachment":[{"href":"https:\/\/maisonecodistribution.com\/eboutique\/wp-json\/wp\/v2\/media?parent=171"}],"curies":[{"name":"wp","href":"https:\/\/api.w.org\/{rel}","templated":true}]}}